CRAN Package Check Results for Package SEIRfansy

Last updated on 2022-11-26 05:52:00 CET.

Flavor Version Tinstall Tcheck Ttotal Status Flags
r-devel-linux-x86_64-debian-clang 1.1.1 16.09 132.63 148.72 OK
r-devel-linux-x86_64-debian-gcc 1.1.1 12.62 96.29 108.91 OK
r-devel-linux-x86_64-fedora-clang 1.1.1 184.74 NOTE
r-devel-linux-x86_64-fedora-gcc 1.1.1 182.72 NOTE
r-devel-windows-x86_64 1.1.1 19.00 145.00 164.00 OK
r-patched-linux-x86_64 1.1.1 OK
r-release-linux-x86_64 1.1.1 14.55 124.50 139.05 OK
r-release-macos-arm64 1.1.1 46.00 NOTE
r-release-macos-x86_64 1.1.1 80.00 NOTE
r-release-windows-x86_64 1.1.1 23.00 151.00 174.00 OK
r-oldrel-macos-arm64 1.1.1 52.00 NOTE
r-oldrel-macos-x86_64 1.1.1 67.00 NOTE
r-oldrel-windows-ix86+x86_64 1.1.1 38.00 148.00 186.00 OK

Check Details

Version: 1.1.1
Check: dependencies in R code
Result: NOTE
    Namespace in Imports field not imported from: ‘knitr’
     All declared Imports should be used.
Flavors: r-devel-linux-x86_64-fedora-clang, r-devel-linux-x86_64-fedora-gcc, r-release-macos-arm64, r-release-macos-x86_64, r-oldrel-macos-arm64, r-oldrel-macos-x86_64