CRAN Package Check Results for Package SCEPtER

Last updated on 2021-11-26 19:53:04 CET.

Flavor Version Tinstall Tcheck Ttotal Status Flags
r-devel-linux-x86_64-debian-clang 0.2-4 10.66 24.91 35.57 OK
r-devel-linux-x86_64-debian-gcc 0.2-4 8.99 20.36 29.35 OK
r-devel-linux-x86_64-fedora-clang 0.2-4 57.15 NOTE
r-devel-linux-x86_64-fedora-gcc 0.2-4 45.99 NOTE
r-devel-windows-x86_64-new-UL 0.2-4 21.00 64.00 85.00 OK
r-devel-windows-x86_64-new-TK 0.2-4 OK
r-devel-windows-x86_64-old 0.2-4 13.00 46.00 59.00 OK
r-patched-linux-x86_64 0.2-4 11.55 24.29 35.84 OK
r-patched-solaris-x86 0.2-4 79.70 OK
r-release-linux-x86_64 0.2-4 OK
r-release-macos-arm64 0.2-4 OK
r-release-macos-x86_64 0.2-4 OK
r-release-windows-ix86+x86_64 0.2-4 18.00 39.00 57.00 OK
r-oldrel-macos-x86_64 0.2-4 OK
r-oldrel-windows-ix86+x86_64 0.2-4 13.00 59.00 72.00 OK

Check Details

Version: 0.2-4
Check: compiled code
Result: NOTE
    File ‘SCEPtER/libs/SCEPtER.so’:
     Found no calls to: ‘R_registerRoutines’, ‘R_useDynamicSymbols’
    
    It is good practice to register native routines and to disable symbol
    search.
    
    See ‘Writing portable packages’ in the ‘Writing R Extensions’ manual.
Flavors: r-devel-linux-x86_64-fedora-clang, r-devel-linux-x86_64-fedora-gcc