CRAN Package Check Results for Package SAR

Last updated on 2022-10-02 18:51:00 CEST.

Flavor Version Tinstall Tcheck Ttotal Status Flags
r-devel-linux-x86_64-debian-clang 1.0.3 78.48 106.19 184.67 NOTE
r-devel-linux-x86_64-debian-gcc 1.0.3 58.98 79.42 138.40 NOTE
r-devel-linux-x86_64-fedora-clang 1.0.3 266.54 NOTE
r-devel-linux-x86_64-fedora-gcc 1.0.3 249.27 NOTE
r-devel-windows-x86_64 1.0.3 69.00 149.00 218.00 NOTE
r-patched-linux-x86_64 1.0.3 61.63 97.44 159.07 NOTE
r-release-linux-x86_64 1.0.3 50.42 97.89 148.31 NOTE
r-release-macos-arm64 1.0.3 61.00 NOTE
r-release-macos-x86_64 1.0.3 104.00 NOTE
r-release-windows-x86_64 1.0.3 98.00 146.00 244.00 NOTE
r-oldrel-macos-arm64 1.0.3 71.00 NOTE
r-oldrel-macos-x86_64 1.0.3 118.00 NOTE
r-oldrel-windows-ix86+x86_64 1.0.3 188.00 171.00 359.00 NOTE

Check Details

Version: 1.0.3
Check: for GNU extensions in Makefiles
Result: NOTE
    GNU make is a SystemRequirements.
Flavors: r-devel-linux-x86_64-debian-clang, r-devel-linux-x86_64-debian-gcc, r-devel-linux-x86_64-fedora-clang, r-devel-linux-x86_64-fedora-gcc, r-devel-windows-x86_64, r-patched-linux-x86_64, r-release-linux-x86_64, r-release-macos-arm64, r-release-macos-x86_64, r-release-windows-x86_64, r-oldrel-macos-arm64, r-oldrel-macos-x86_64, r-oldrel-windows-ix86+x86_64

Version: 1.0.3
Check: dependencies in R code
Result: NOTE
    Namespaces in Imports field not imported from:
     ‘httr’ ‘jsonlite’
     All declared Imports should be used.
Flavors: r-devel-linux-x86_64-fedora-clang, r-devel-linux-x86_64-fedora-gcc, r-release-macos-arm64, r-release-macos-x86_64, r-oldrel-macos-arm64, r-oldrel-macos-x86_64