CRAN Package Check Results for Package SAMtool

Last updated on 2021-06-24 01:50:35 CEST.

Flavor Version Tinstall Tcheck Ttotal Status Flags
r-devel-linux-x86_64-debian-clang 1.1.2 168.34 196.26 364.60 OK
r-devel-linux-x86_64-debian-gcc 1.1.2 167.76 142.59 310.35 OK
r-devel-linux-x86_64-fedora-clang 1.1.2 481.70 NOTE
r-devel-linux-x86_64-fedora-gcc 1.1.2 518.57 OK
r-devel-windows-x86_64 1.1.2 179.00 220.00 399.00 NOTE
r-devel-windows-x86_64-gcc10-UCRT 1.1.2 NOTE
r-patched-linux-x86_64 1.1.2 182.53 184.88 367.41 OK
r-patched-solaris-x86 1.1.2 492.30 OK
r-release-linux-x86_64 1.1.2 180.65 185.17 365.82 OK
r-release-macos-arm64 1.1.2 NOTE
r-release-macos-x86_64 1.1.2 NOTE
r-release-windows-ix86+x86_64 1.1.2 224.00 222.00 446.00 NOTE
r-oldrel-macos-x86_64 1.1.2 NOTE

Check Details

Version: 1.1.2
Check: installed package size
Result: NOTE
     installed size is 26.8Mb
     sub-directories of 1Mb or more:
     R 1.2Mb
     doc 1.2Mb
     libs 24.0Mb
Flavors: r-devel-linux-x86_64-fedora-clang, r-devel-windows-x86_64, r-release-macos-arm64, r-release-macos-x86_64, r-release-windows-ix86+x86_64, r-oldrel-macos-x86_64

Version: 1.1.2
Check: package dependencies
Result: NOTE
    Package suggested but not available for checking: 'covr'
Flavor: r-devel-windows-x86_64-gcc10-UCRT