CRAN Package Check Results for Package SAM

Last updated on 2023-03-30 12:55:22 CEST.

Flavor Version Tinstall Tcheck Ttotal Status Flags
r-devel-linux-x86_64-debian-clang 1.1.3 80.06 46.69 126.75 NOTE
r-devel-linux-x86_64-debian-gcc 1.1.3 60.94 38.61 99.55 NOTE
r-devel-linux-x86_64-fedora-clang 1.1.3 164.24 NOTE
r-devel-linux-x86_64-fedora-gcc 1.1.3 173.57 NOTE
r-devel-windows-x86_64 1.1.3 65.00 0.00 65.00 NOTE
r-patched-linux-x86_64 1.1.3 60.02 49.27 109.29 NOTE
r-release-linux-x86_64 1.1.3 60.23 47.85 108.08 OK
r-release-macos-arm64 1.1.3 45.00 NOTE
r-release-macos-x86_64 1.1.3 63.00 NOTE
r-release-windows-x86_64 1.1.3 57.00 107.00 164.00 OK
r-oldrel-macos-arm64 1.1.3 58.00 NOTE
r-oldrel-macos-x86_64 1.1.3 60.00 NOTE
r-oldrel-windows-ix86+x86_64 1.1.3 153.00 117.00 270.00 OK

Check Details

Version: 1.1.3
Check: C++ specification
Result: NOTE
     Specified C++11: please drop specification unless essential
Flavors: r-devel-linux-x86_64-debian-clang, r-devel-linux-x86_64-debian-gcc, r-devel-linux-x86_64-fedora-clang, r-devel-linux-x86_64-fedora-gcc, r-devel-windows-x86_64, r-patched-linux-x86_64

Version: 1.1.3
Check: installed package size
Result: NOTE
     installed size is 22.3Mb
     sub-directories of 1Mb or more:
     libs 22.1Mb
Flavors: r-release-macos-arm64, r-release-macos-x86_64, r-oldrel-macos-arm64, r-oldrel-macos-x86_64