CRAN Package Check Results for Package RxODE

Last updated on 2021-06-22 07:49:43 CEST.

Flavor Version Tinstall Tcheck Ttotal Status Flags
r-devel-linux-x86_64-debian-clang 1.0.9 525.91 196.92 722.83 OK
r-devel-linux-x86_64-debian-gcc 1.0.9 427.86 134.19 562.05 OK
r-devel-linux-x86_64-fedora-clang 1.0.9 1086.75 NOTE
r-devel-linux-x86_64-fedora-gcc 1.0.9 1001.90 OK
r-devel-windows-x86_64 1.0.9 580.00 256.00 836.00 NOTE
r-devel-windows-x86_64-gcc10-UCRT 1.0.9 NOTE
r-patched-linux-x86_64 1.0.9 476.10 172.05 648.15 OK
r-patched-solaris-x86 1.0.9 969.00 NOTE
r-release-linux-x86_64 1.0.9 465.19 171.33 636.52 OK
r-release-macos-arm64 1.0.9 NOTE
r-release-macos-x86_64 1.0.9 NOTE
r-release-windows-ix86+x86_64 1.0.9 1121.00 427.00 1548.00 NOTE
r-oldrel-macos-x86_64 1.0.9 NOTE

Check Details

Version: 1.0.9
Check: installed package size
Result: NOTE
     installed size is 54.4Mb
     sub-directories of 1Mb or more:
     libs 51.8Mb
Flavors: r-devel-linux-x86_64-fedora-clang, r-devel-windows-x86_64, r-patched-solaris-x86, r-release-macos-arm64, r-release-macos-x86_64, r-release-windows-ix86+x86_64, r-oldrel-macos-x86_64

Version: 1.0.9
Check: package dependencies
Result: NOTE
    Packages suggested but not available for checking:
     'covr', 'curl', 'usethis', 'rsconnect', 'devtools'
Flavor: r-devel-windows-x86_64-gcc10-UCRT

Version: 1.0.9
Check: Rd cross-references
Result: NOTE
    Package unavailable to check Rd xrefs: 'usethis'
Flavor: r-devel-windows-x86_64-gcc10-UCRT

Version: 1.0.9
Check: package dependencies
Result: NOTE
    Package suggested but not available for checking: ‘symengine’
Flavor: r-release-macos-arm64