CRAN Package Check Results for Package Rvcg

Last updated on 2022-01-21 02:00:44 CET.

Flavor Version Tinstall Tcheck Ttotal Status Flags
r-devel-linux-x86_64-debian-clang 0.20.2 OK
r-devel-linux-x86_64-debian-gcc 0.20.2 588.18 49.56 637.74 OK
r-devel-linux-x86_64-fedora-clang 0.20.2 1251.29 NOTE
r-devel-linux-x86_64-fedora-gcc 0.20.2 1148.41 OK
r-devel-windows-x86_64-new-UL 0.20.2 648.00 132.00 780.00 OK
r-devel-windows-x86_64-new-TK 0.20.2 OK
r-patched-linux-x86_64 0.20.2 688.50 61.43 749.93 OK
r-release-linux-x86_64 0.20.2 682.96 61.28 744.24 OK
r-release-macos-arm64 0.20.2 NOTE
r-release-macos-x86_64 0.20.2 NOTE
r-release-windows-ix86+x86_64 0.20.2 1700.00 130.00 1830.00 NOTE
r-oldrel-macos-x86_64 0.20.2 NOTE
r-oldrel-windows-ix86+x86_64 0.20.2 1776.00 133.00 1909.00 NOTE

Check Details

Version: 0.20.2
Check: installed package size
Result: NOTE
     installed size is 51.1Mb
     sub-directories of 1Mb or more:
     libs 49.9Mb
Flavors: r-devel-linux-x86_64-fedora-clang, r-release-macos-arm64, r-release-macos-x86_64, r-release-windows-ix86+x86_64, r-oldrel-macos-x86_64, r-oldrel-windows-ix86+x86_64