CRAN Package Check Results for Package Rvcg

Last updated on 2021-07-26 01:50:31 CEST.

Flavor Version Tinstall Tcheck Ttotal Status Flags
r-devel-linux-x86_64-debian-clang 0.19.2 759.60 47.04 806.64 OK
r-devel-linux-x86_64-debian-gcc 0.19.2 518.24 41.80 560.04 OK
r-devel-linux-x86_64-fedora-clang 0.19.2 1125.25 NOTE
r-devel-linux-x86_64-fedora-gcc 0.19.2 1095.86 OK
r-devel-windows-x86_64 0.19.2 826.00 94.00 920.00 OK
r-devel-windows-x86_64-gcc10-UCRT 0.19.2 OK
r-patched-linux-x86_64 0.19.2 620.42 51.33 671.75 OK
r-patched-solaris-x86 0.19.2 821.60 OK
r-release-linux-x86_64 0.19.2 624.98 50.98 675.96 OK
r-release-macos-arm64 0.19.2 NOTE
r-release-macos-x86_64 0.19.2 NOTE
r-release-windows-ix86+x86_64 0.19.2 1655.00 137.00 1792.00 NOTE
r-oldrel-macos-x86_64 0.19.2 NOTE
r-oldrel-windows-ix86+x86_64 0.19.2 1187.00 142.00 1329.00 NOTE

Check Details

Version: 0.19.2
Check: installed package size
Result: NOTE
     installed size is 50.1Mb
     sub-directories of 1Mb or more:
     libs 49.3Mb
Flavors: r-devel-linux-x86_64-fedora-clang, r-release-macos-arm64, r-release-macos-x86_64, r-release-windows-ix86+x86_64, r-oldrel-macos-x86_64, r-oldrel-windows-ix86+x86_64