CRAN Package Check Results for Package RtutoR

Last updated on 2021-06-19 01:50:34 CEST.

Flavor Version Tinstall Tcheck Ttotal Status Flags
r-devel-linux-x86_64-debian-clang 1.2 15.69 134.69 150.38 NOTE
r-devel-linux-x86_64-debian-gcc 1.2 13.93 99.34 113.27 NOTE
r-devel-linux-x86_64-fedora-clang 1.2 198.29 NOTE
r-devel-linux-x86_64-fedora-gcc 1.2 184.96 NOTE
r-devel-windows-x86_64 1.2 24.00 142.00 166.00 NOTE
r-devel-windows-x86_64-gcc10-UCRT 1.2 NOTE
r-patched-linux-x86_64 1.2 16.78 130.25 147.03 NOTE
r-release-linux-x86_64 1.2 16.74 128.81 145.55 NOTE
r-release-macos-arm64 1.2 ERROR
r-release-macos-x86_64 1.2 NOTE
r-release-windows-ix86+x86_64 1.2 38.00 145.00 183.00 NOTE
r-oldrel-macos-x86_64 1.2 NOTE
r-oldrel-windows-ix86+x86_64 1.2 26.00 151.00 177.00 OK

Check Details

Version: 1.2
Check: LazyData
Result: NOTE
     'LazyData' is specified without a 'data' directory
Flavors: r-devel-linux-x86_64-debian-clang, r-devel-linux-x86_64-debian-gcc, r-devel-linux-x86_64-fedora-clang, r-devel-linux-x86_64-fedora-gcc, r-devel-windows-x86_64, r-devel-windows-x86_64-gcc10-UCRT, r-patched-linux-x86_64, r-release-linux-x86_64, r-release-macos-x86_64, r-release-windows-ix86+x86_64

Version: 1.2
Check: dependencies in R code
Result: NOTE
    Namespaces in Imports field not imported from:
     ‘DT’ ‘rmarkdown’
     All declared Imports should be used.
Flavors: r-devel-linux-x86_64-fedora-clang, r-devel-linux-x86_64-fedora-gcc, r-devel-windows-x86_64-gcc10-UCRT, r-release-macos-x86_64, r-oldrel-macos-x86_64

Version: 1.2
Check: whether package can be installed
Result: ERROR
    Installation failed.
Flavor: r-release-macos-arm64