CRAN Package Check Results for Package RprobitB

Last updated on 2021-11-26 19:53:03 CET.

Flavor Version Tinstall Tcheck Ttotal Status Flags
r-devel-linux-x86_64-debian-clang 1.0.0 50.16 247.76 297.92 OK
r-devel-linux-x86_64-debian-gcc 1.0.0 37.75 171.23 208.98 OK
r-devel-linux-x86_64-fedora-clang 1.0.0 381.12 OK
r-devel-linux-x86_64-fedora-gcc 1.0.0 355.55 OK
r-devel-windows-x86_64-new-UL 1.0.0 76.00 313.00 389.00 OK
r-devel-windows-x86_64-new-TK 1.0.0 OK
r-devel-windows-x86_64-old 1.0.0 54.00 269.00 323.00 OK
r-patched-linux-x86_64 1.0.0 48.85 237.25 286.10 OK
r-patched-solaris-x86 1.0.0 401.80 OK
r-release-linux-x86_64 1.0.0 OK
r-release-macos-arm64 1.0.0 NOTE
r-release-macos-x86_64 1.0.0 NOTE
r-release-windows-ix86+x86_64 1.0.0 119.00 530.00 649.00 OK
r-oldrel-macos-x86_64 1.0.0 NOTE
r-oldrel-windows-ix86+x86_64 1.0.0 118.00 514.00 632.00 OK

Check Details

Version: 1.0.0
Check: installed package size
Result: NOTE
     installed size is 5.9Mb
     sub-directories of 1Mb or more:
     libs 5.3Mb
Flavors: r-release-macos-arm64, r-release-macos-x86_64, r-oldrel-macos-x86_64