Last updated on 2023-04-01 21:54:20 CEST.
Flavor | Version | Tinstall | Tcheck | Ttotal | Status | Flags |
---|---|---|---|---|---|---|
r-devel-linux-x86_64-debian-clang | 1.1.2 | 112.81 | 487.40 | 600.21 | NOTE | |
r-devel-linux-x86_64-debian-gcc | 1.1.2 | 92.18 | 356.76 | 448.94 | NOTE | |
r-devel-linux-x86_64-fedora-clang | 1.1.2 | 765.23 | NOTE | |||
r-devel-linux-x86_64-fedora-gcc | 1.1.2 | 733.80 | NOTE | |||
r-devel-windows-x86_64 | 1.1.2 | 132.00 | 564.00 | 696.00 | NOTE | |
r-patched-linux-x86_64 | 1.1.2 | 96.20 | 459.67 | 555.87 | NOTE | |
r-release-linux-x86_64 | 1.1.2 | 71.73 | 442.82 | 514.55 | OK | |
r-release-macos-arm64 | 1.1.2 | 203.00 | NOTE | |||
r-release-macos-x86_64 | 1.1.2 | 238.00 | NOTE | |||
r-release-windows-x86_64 | 1.1.2 | 124.00 | 575.00 | 699.00 | OK | |
r-oldrel-macos-arm64 | 1.1.2 | 207.00 | NOTE | |||
r-oldrel-macos-x86_64 | 1.1.2 | 253.00 | NOTE | |||
r-oldrel-windows-ix86+x86_64 | 1.1.2 | 252.00 | 728.00 | 980.00 | NOTE |
Version: 1.1.2
Check: C++ specification
Result: NOTE
Specified C++11: please drop specification unless essential
Flavors: r-devel-linux-x86_64-debian-clang, r-devel-linux-x86_64-debian-gcc, r-devel-linux-x86_64-fedora-clang, r-devel-linux-x86_64-fedora-gcc, r-devel-windows-x86_64, r-patched-linux-x86_64
Version: 1.1.2
Check: installed package size
Result: NOTE
installed size is 8.6Mb
sub-directories of 1Mb or more:
data 1.1Mb
libs 6.0Mb
Flavors: r-release-macos-arm64, r-release-macos-x86_64, r-oldrel-macos-arm64, r-oldrel-macos-x86_64, r-oldrel-windows-ix86+x86_64