CRAN Package Check Results for Package Rpadrino

Last updated on 2022-09-30 00:49:26 CEST.

Flavor Version Tinstall Tcheck Ttotal Status Flags
r-devel-linux-x86_64-debian-clang 0.0.4 8.63 310.37 319.00 OK
r-devel-linux-x86_64-debian-gcc 0.0.4 7.22 230.10 237.32 OK
r-devel-linux-x86_64-fedora-clang 0.0.4 400.45 OK
r-devel-linux-x86_64-fedora-gcc 0.0.4 397.80 OK
r-devel-windows-x86_64 0.0.4 56.00 327.00 383.00 OK
r-patched-linux-x86_64 0.0.4 7.76 294.21 301.97 OK
r-release-linux-x86_64 0.0.4 7.86 293.49 301.35 OK
r-release-macos-arm64 0.0.4 117.00 OK
r-release-macos-x86_64 0.0.4 161.00 OK
r-release-windows-x86_64 0.0.4 51.00 253.00 304.00 ERROR
r-oldrel-macos-arm64 0.0.4 121.00 OK
r-oldrel-macos-x86_64 0.0.4 156.00 OK
r-oldrel-windows-ix86+x86_64 0.0.4 21.00 369.00 390.00 OK

Check Details

Version: 0.0.4
Check: re-building of vignette outputs
Result: ERROR
    Error(s) in re-building vignettes:
    --- re-building 'data-cleaning.Rmd' using rmarkdown
    Loading required package: ipmr
    --- finished re-building 'data-cleaning.Rmd'
    
    --- re-building 'padrino-intro.Rmd' using rmarkdown
    Quitting from lines 23-29 (padrino-intro.Rmd)
    Error: processing vignette 'padrino-intro.Rmd' failed with diagnostics:
    cannot open the connection to 'https://raw.githubusercontent.com/padrinoDB/Padrino/main/padrino-database/clean/Metadata.txt'
    --- failed re-building 'padrino-intro.Rmd'
    
    --- re-building 'pdb-msgs.Rmd' using rmarkdown
    --- finished re-building 'pdb-msgs.Rmd'
    
    --- re-building 'stoch-ipms.rmd' using rmarkdown
    Warning in .Internal(assign(x, value, envir, inherits)) :
     closing unused connection 4 (https://raw.githubusercontent.com/padrinoDB/Padrino/main/padrino-database/clean/Metadata.txt)
    Warning in open.connection(file, "rt") :
     URL 'https://raw.githubusercontent.com/padrinoDB/Padrino/main/padrino-database/clean/Metadata.txt': Timeout of 60 seconds was reached
    Quitting from lines 22-27 (stoch-ipms.rmd)
    Error: processing vignette 'stoch-ipms.rmd' failed with diagnostics:
    cannot open the connection to 'https://raw.githubusercontent.com/padrinoDB/Padrino/main/padrino-database/clean/Metadata.txt'
    --- failed re-building 'stoch-ipms.rmd'
    
    SUMMARY: processing the following files failed:
     'padrino-intro.Rmd' 'stoch-ipms.rmd'
    
    Error: Vignette re-building failed.
    Execution halted
Flavor: r-release-windows-x86_64