CRAN Package Check Results for Package RoundAndRound

Last updated on 2021-08-02 19:51:03 CEST.

Flavor Version Tinstall Tcheck Ttotal Status Flags
r-devel-linux-x86_64-debian-clang 0.0.1 2.48 25.25 27.73 OK
r-devel-linux-x86_64-debian-gcc 0.0.1 1.97 20.09 22.06 OK
r-devel-linux-x86_64-fedora-clang 0.0.1 42.44 NOTE
r-devel-linux-x86_64-fedora-gcc 0.0.1 32.01 NOTE
r-devel-windows-x86_64 0.0.1 4.00 41.00 45.00 OK
r-devel-windows-x86_64-gcc10-UCRT 0.0.1 NOTE
r-patched-linux-x86_64 0.0.1 OK
r-patched-solaris-x86 0.0.1 50.40 NOTE
r-release-linux-x86_64 0.0.1 2.07 24.25 26.32 OK
r-release-macos-arm64 0.0.1 NOTE
r-release-macos-x86_64 0.0.1 NOTE
r-release-windows-ix86+x86_64 0.0.1 6.00 31.00 37.00 OK
r-oldrel-macos-x86_64 0.0.1 NOTE
r-oldrel-windows-ix86+x86_64 0.0.1 25.00 45.00 70.00 OK

Check Details

Version: 0.0.1
Check: dependencies in R code
Result: NOTE
    Namespace in Imports field not imported from: ‘geometry’
     All declared Imports should be used.
Flavors: r-devel-linux-x86_64-fedora-clang, r-devel-linux-x86_64-fedora-gcc, r-devel-windows-x86_64-gcc10-UCRT, r-patched-solaris-x86, r-release-macos-arm64, r-release-macos-x86_64, r-oldrel-macos-x86_64