CRAN Package Check Results for Package RobustGaSP

Last updated on 2021-11-26 19:53:03 CET.

Flavor Version Tinstall Tcheck Ttotal Status Flags
r-devel-linux-x86_64-debian-clang 0.6.3 74.58 58.73 133.31 OK
r-devel-linux-x86_64-debian-gcc 0.6.3 58.43 43.37 101.80 OK
r-devel-linux-x86_64-fedora-clang 0.6.3 189.68 NOTE
r-devel-linux-x86_64-fedora-gcc 0.6.3 176.16 OK
r-devel-windows-x86_64-new-UL 0.6.3 89.00 152.00 241.00 OK
r-devel-windows-x86_64-new-TK 0.6.3 OK
r-devel-windows-x86_64-old 0.6.3 59.00 88.00 147.00 OK
r-patched-linux-x86_64 0.6.3 66.86 55.12 121.98 OK
r-patched-solaris-x86 0.6.3 173.80 OK
r-release-linux-x86_64 0.6.3 OK
r-release-macos-arm64 0.6.3 NOTE
r-release-macos-x86_64 0.6.3 NOTE
r-release-windows-ix86+x86_64 0.6.3 144.00 107.00 251.00 OK
r-oldrel-macos-x86_64 0.6.3 NOTE
r-oldrel-windows-ix86+x86_64 0.6.3 108.00 139.00 247.00 OK

Check Details

Version: 0.6.3
Check: installed package size
Result: NOTE
     installed size is 25.8Mb
     sub-directories of 1Mb or more:
     libs 25.2Mb
Flavors: r-devel-linux-x86_64-fedora-clang, r-release-macos-arm64, r-release-macos-x86_64, r-oldrel-macos-x86_64