CRAN Package Check Results for Package RobustBayesianCopas

Last updated on 2021-09-19 13:49:32 CEST.

Flavor Version Tinstall Tcheck Ttotal Status Flags
r-devel-linux-x86_64-debian-clang 2.0 3.33 30.55 33.88 OK
r-devel-linux-x86_64-debian-gcc 2.0 2.46 23.69 26.15 OK
r-devel-linux-x86_64-fedora-clang 2.0 50.19 OK
r-devel-linux-x86_64-fedora-gcc 2.0 38.91 OK
r-devel-windows-x86_64 2.0 6.00 34.00 40.00 OK
r-devel-windows-x86_64-gcc10-UCRT 2.0 ERROR
r-patched-linux-x86_64 2.0 3.36 29.72 33.08 OK
r-patched-solaris-x86 2.0 69.00 OK
r-release-linux-x86_64 2.0 3.07 29.61 32.68 OK
r-release-macos-arm64 2.0 OK
r-release-macos-x86_64 2.0 OK
r-release-windows-ix86+x86_64 2.0 8.00 48.00 56.00 OK
r-oldrel-macos-x86_64 2.0 OK
r-oldrel-windows-ix86+x86_64 2.0 7.00 34.00 41.00 OK

Check Details

Version: 2.0
Check: whether package can be installed
Result: WARN
    Found the following significant warnings:
     WARNING: installation-time patches will not be applied, could not get the patches index
Flavor: r-devel-windows-x86_64-gcc10-UCRT

Version: 2.0
Check: PDF version of manual
Result: WARN
    LaTeX errors when creating PDF version.
    This typically indicates Rd problems.
Flavor: r-devel-windows-x86_64-gcc10-UCRT

Version: 2.0
Check: PDF version of manual without hyperrefs or index
Result: ERROR
    Re-running with no redirection of stdout/stderr.
Flavor: r-devel-windows-x86_64-gcc10-UCRT