CRAN Package Check Results for Package RobMixReg

Last updated on 2023-02-02 00:54:57 CET.

Flavor Version Tinstall Tcheck Ttotal Status Flags
r-devel-linux-x86_64-debian-clang 1.1.0 12.49 97.24 109.73 OK
r-devel-linux-x86_64-debian-gcc 1.1.0 10.88 72.23 83.11 OK
r-devel-linux-x86_64-fedora-clang 1.1.0 140.56 NOTE
r-devel-linux-x86_64-fedora-gcc 1.1.0 139.71 NOTE
r-devel-windows-x86_64 1.1.0 48.00 130.00 178.00 OK
r-patched-linux-x86_64 1.1.0 11.23 92.71 103.94 OK
r-release-linux-x86_64 1.1.0 10.86 98.58 109.44 OK
r-release-macos-arm64 1.1.0 41.00 NOTE
r-release-macos-x86_64 1.1.0 68.00 NOTE
r-release-windows-x86_64 1.1.0 41.00 132.00 173.00 OK
r-oldrel-macos-arm64 1.1.0 52.00 NOTE
r-oldrel-macos-x86_64 1.1.0 73.00 NOTE
r-oldrel-windows-ix86+x86_64 1.1.0 27.00 121.00 148.00 OK

Check Details

Version: 1.1.0
Check: dependencies in R code
Result: NOTE
    Namespace in Imports field not imported from: ‘glmnet’
     All declared Imports should be used.
Flavors: r-devel-linux-x86_64-fedora-clang, r-devel-linux-x86_64-fedora-gcc, r-release-macos-arm64, r-release-macos-x86_64, r-oldrel-macos-arm64, r-oldrel-macos-x86_64