Last updated on 2023-12-08 06:51:10 CET.
Flavor | Version | Tinstall | Tcheck | Ttotal | Status | Flags |
---|---|---|---|---|---|---|
r-devel-linux-x86_64-debian-clang | 1.1.0 | 11.20 | 96.60 | 107.80 | OK | |
r-devel-linux-x86_64-debian-gcc | 1.1.0 | 9.65 | 72.82 | 82.47 | OK | |
r-devel-linux-x86_64-fedora-clang | 1.1.0 | 141.35 | NOTE | |||
r-devel-linux-x86_64-fedora-gcc | 1.1.0 | 135.62 | NOTE | |||
r-devel-windows-x86_64 | 1.1.0 | 13.00 | 86.00 | 99.00 | OK | |
r-patched-linux-x86_64 | 1.1.0 | 12.89 | 92.52 | 105.41 | OK | |
r-release-linux-x86_64 | 1.1.0 | 11.07 | 90.60 | 101.67 | OK | |
r-release-macos-arm64 | 1.1.0 | 42.00 | OK | |||
r-release-macos-x86_64 | 1.1.0 | 65.00 | OK | |||
r-release-windows-x86_64 | 1.1.0 | 15.00 | 104.00 | 119.00 | OK | |
r-oldrel-macos-arm64 | 1.1.0 | 41.00 | NOTE | |||
r-oldrel-macos-x86_64 | 1.1.0 | 68.00 | NOTE | |||
r-oldrel-windows-x86_64 | 1.1.0 | 16.00 | 104.00 | 120.00 | OK |
Version: 1.1.0
Check: dependencies in R code
Result: NOTE
Namespace in Imports field not imported from: ‘glmnet’
All declared Imports should be used.
Flavors: r-devel-linux-x86_64-fedora-clang, r-devel-linux-x86_64-fedora-gcc, r-oldrel-macos-arm64, r-oldrel-macos-x86_64