CRAN Package Check Results for Package RoBTT

Last updated on 2024-02-28 21:49:57 CET.

Flavor Version Tinstall Tcheck Ttotal Status Flags
r-devel-linux-x86_64-debian-clang 1.2.1 626.27 110.99 737.26 OK
r-devel-linux-x86_64-debian-gcc 1.2.1 580.81 112.89 693.70 OK
r-devel-linux-x86_64-fedora-clang 1.2.1 968.01 NOTE
r-devel-linux-x86_64-fedora-gcc 1.2.1 1273.95 NOTE
r-devel-windows-x86_64 1.2.1 483.00 155.00 638.00 NOTE
r-patched-linux-x86_64 1.2.1 495.92 145.70 641.62 OK
r-release-linux-x86_64 1.2.1 503.66 149.60 653.26 OK
r-release-macos-arm64 1.2.1 328.00 NOTE
r-release-macos-x86_64 1.2.1 457.00 NOTE
r-release-windows-x86_64 1.2.1 619.00 198.00 817.00 NOTE
r-oldrel-macos-arm64 1.2.1 331.00 NOTE
r-oldrel-windows-x86_64 1.2.1 567.00 178.00 745.00 NOTE

Check Details

Version: 1.2.1
Check: installed package size
Result: NOTE installed size is 7.1Mb sub-directories of 1Mb or more: libs 6.4Mb Flavors: r-devel-linux-x86_64-fedora-clang, r-devel-windows-x86_64, r-release-macos-arm64, r-release-macos-x86_64, r-release-windows-x86_64, r-oldrel-macos-arm64, r-oldrel-windows-x86_64

Version: 1.2.1
Check: Rd cross-references
Result: NOTE Undeclared package ‘extraDistr’ in Rd xrefs Flavor: r-devel-linux-x86_64-fedora-clang

Version: 1.2.1
Check: for GNU extensions in Makefiles
Result: NOTE GNU make is a SystemRequirements. Flavors: r-devel-linux-x86_64-fedora-clang, r-devel-linux-x86_64-fedora-gcc, r-release-macos-arm64, r-release-macos-x86_64, r-oldrel-macos-arm64