CRAN Package Check Results for Package Rnmr1D

Last updated on 2021-11-26 19:53:03 CET.

Flavor Version Tinstall Tcheck Ttotal Status Flags
r-devel-linux-x86_64-debian-clang 1.3.0 37.37 159.16 196.53 OK
r-devel-linux-x86_64-debian-gcc 1.3.0 29.52 119.95 149.47 OK
r-devel-linux-x86_64-fedora-clang 1.3.0 256.54 NOTE
r-devel-linux-x86_64-fedora-gcc 1.3.0 236.82 NOTE
r-devel-windows-x86_64-new-UL 1.3.0 62.00 319.00 381.00 OK
r-devel-windows-x86_64-new-TK 1.3.0 NOTE
r-devel-windows-x86_64-old 1.3.0 45.00 268.00 313.00 OK
r-patched-linux-x86_64 1.3.0 32.83 121.71 154.54 OK
r-patched-solaris-x86 1.3.0 259.20 NOTE
r-release-linux-x86_64 1.3.0 OK
r-release-macos-arm64 1.3.0 NOTE
r-release-macos-x86_64 1.3.0 NOTE
r-release-windows-ix86+x86_64 1.3.0 88.00 216.00 304.00 OK
r-oldrel-macos-x86_64 1.3.0 NOTE
r-oldrel-windows-ix86+x86_64 1.3.0 88.00 215.00 303.00 OK

Check Details

Version: 1.3.0
Check: dependencies in R code
Result: NOTE
    Namespace in Imports field not imported from: ‘impute’
     All declared Imports should be used.
Flavors: r-devel-linux-x86_64-fedora-clang, r-devel-linux-x86_64-fedora-gcc, r-devel-windows-x86_64-new-TK, r-patched-solaris-x86, r-release-macos-arm64, r-release-macos-x86_64, r-oldrel-macos-x86_64