CRAN Package Check Results for Package Rnmr1D

Last updated on 2022-12-04 00:51:39 CET.

Flavor Version Tinstall Tcheck Ttotal Status Flags
r-devel-linux-x86_64-debian-clang 1.3.0 47.51 148.59 196.10 OK
r-devel-linux-x86_64-debian-gcc 1.3.0 32.39 111.06 143.45 OK
r-devel-linux-x86_64-fedora-clang 1.3.0 256.55 NOTE
r-devel-linux-x86_64-fedora-gcc 1.3.0 279.49 NOTE
r-devel-windows-x86_64 1.3.0 70.00 208.00 278.00 OK
r-patched-linux-x86_64 1.3.0 33.32 139.46 172.78 OK
r-release-linux-x86_64 1.3.0 26.05 176.90 202.95 OK
r-release-macos-arm64 1.3.0 107.00 NOTE
r-release-macos-x86_64 1.3.0 185.00 NOTE
r-release-windows-x86_64 1.3.0 75.00 318.00 393.00 OK
r-oldrel-macos-arm64 1.3.0 109.00 NOTE
r-oldrel-macos-x86_64 1.3.0 145.00 NOTE
r-oldrel-windows-ix86+x86_64 1.3.0 95.00 215.00 310.00 OK

Check Details

Version: 1.3.0
Check: dependencies in R code
Result: NOTE
    Namespace in Imports field not imported from: ‘impute’
     All declared Imports should be used.
Flavors: r-devel-linux-x86_64-fedora-clang, r-devel-linux-x86_64-fedora-gcc, r-release-macos-arm64, r-release-macos-x86_64, r-oldrel-macos-arm64, r-oldrel-macos-x86_64