CRAN Package Check Results for Package Rmosek

Last updated on 2024-05-26 00:56:30 CEST.

Flavor Version Tinstall Tcheck Ttotal Status Flags
r-devel-linux-x86_64-debian-clang 1.3.5 2.06 22.61 24.67 NOTE
r-devel-linux-x86_64-debian-gcc 1.3.5 1.74 17.92 19.66 NOTE
r-devel-linux-x86_64-fedora-clang 1.3.5 31.96 OK
r-devel-linux-x86_64-fedora-gcc 1.3.5 30.64 OK
r-devel-windows-x86_64 1.3.5 3.00 44.00 47.00 OK
r-patched-linux-x86_64 1.3.5 2.47 22.38 24.85 NOTE
r-release-linux-x86_64 1.3.5 2.32 22.33 24.65 NOTE
r-release-macos-arm64 1.3.5 14.00 OK
r-release-windows-x86_64 1.3.5 3.00 45.00 48.00 OK
r-oldrel-macos-arm64 1.3.5 14.00 OK
r-oldrel-macos-x86_64 1.3.5 22.00 OK
r-oldrel-windows-x86_64 1.3.5 3.00 43.00 46.00 OK

Check Details

Version: 1.3.5
Check: R code for possible problems
Result: NOTE Found the following calls to attach(): File ‘Rmosek/R/builder.R’: attach(builderenv, pos, name, warn.conflicts) See section ‘Good practice’ in ‘?attach’. Flavors: r-devel-linux-x86_64-debian-clang, r-devel-linux-x86_64-debian-gcc, r-patched-linux-x86_64, r-release-linux-x86_64