CRAN Package Check Results for Package Rmixmod

Last updated on 2024-02-25 18:51:36 CET.

Flavor Version Tinstall Tcheck Ttotal Status Flags
r-devel-linux-x86_64-debian-clang 2.1.10 575.73 71.55 647.28 OK
r-devel-linux-x86_64-debian-gcc 2.1.10 469.91 85.60 555.51 OK
r-devel-linux-x86_64-fedora-clang 2.1.10 1099.89 OK
r-devel-linux-x86_64-fedora-gcc 2.1.10 1063.29 OK
r-devel-windows-x86_64 2.1.10 462.00 146.00 608.00 OK
r-patched-linux-x86_64 2.1.10 595.82 107.90 703.72 OK
r-release-linux-x86_64 2.1.10 610.20 106.92 717.12 OK
r-release-macos-arm64 2.1.10 204.00 NOTE
r-release-macos-x86_64 2.1.10 225.00 NOTE
r-release-windows-x86_64 2.1.10 587.00 170.00 757.00 OK
r-oldrel-macos-arm64 2.1.10 205.00 NOTE
r-oldrel-windows-x86_64 2.1.10 584.00 142.00 726.00 OK

Check Details

Version: 2.1.10
Check: installed package size
Result: NOTE installed size is 38.9Mb sub-directories of 1Mb or more: libs 38.0Mb Flavors: r-release-macos-arm64, r-release-macos-x86_64, r-oldrel-macos-arm64