Last updated on 2025-01-25 00:49:25 CET.
Flavor | Version | Tinstall | Tcheck | Ttotal | Status | Flags |
---|---|---|---|---|---|---|
r-devel-linux-x86_64-debian-clang | 2.1.10 | 407.49 | 56.65 | 464.14 | OK | |
r-devel-linux-x86_64-debian-gcc | 2.1.10 | 314.89 | 91.34 | 406.23 | OK | |
r-devel-linux-x86_64-fedora-clang | 2.1.10 | 1053.15 | OK | |||
r-devel-linux-x86_64-fedora-gcc | 2.1.10 | 1086.19 | OK | |||
r-devel-windows-x86_64 | 2.1.10 | 480.00 | 157.00 | 637.00 | OK | |
r-patched-linux-x86_64 | 2.1.10 | 440.18 | 115.51 | 555.69 | OK | |
r-release-linux-x86_64 | 2.1.10 | 439.18 | 114.18 | 553.36 | OK | |
r-release-macos-arm64 | 2.1.10 | 172.00 | NOTE | |||
r-release-macos-x86_64 | 2.1.10 | 146.00 | NOTE | |||
r-release-windows-x86_64 | 2.1.10 | 466.00 | 149.00 | 615.00 | OK | |
r-oldrel-macos-arm64 | 2.1.10 | 204.00 | NOTE | |||
r-oldrel-macos-x86_64 | 2.1.10 | 225.00 | NOTE | |||
r-oldrel-windows-x86_64 | 2.1.10 | 593.00 | 175.00 | 768.00 | OK |
Version: 2.1.10
Check: installed package size
Result: NOTE
installed size is 44.1Mb
sub-directories of 1Mb or more:
libs 43.2Mb
Flavors: r-release-macos-arm64, r-release-macos-x86_64, r-oldrel-macos-arm64, r-oldrel-macos-x86_64