CRAN Package Check Results for Package Rlinkedin

Last updated on 2021-08-01 07:52:02 CEST.

Flavor Version Tinstall Tcheck Ttotal Status Flags
r-devel-linux-x86_64-debian-clang 0.2 4.39 40.80 45.19 NOTE
r-devel-linux-x86_64-debian-gcc 0.2 3.77 31.94 35.71 NOTE
r-devel-linux-x86_64-fedora-clang 0.2 64.77 NOTE
r-devel-linux-x86_64-fedora-gcc 0.2 54.07 NOTE
r-devel-windows-x86_64 0.2 5.00 61.00 66.00 NOTE
r-devel-windows-x86_64-gcc10-UCRT 0.2 NOTE
r-patched-linux-x86_64 0.2 NOTE
r-patched-solaris-x86 0.2 77.80 NOTE
r-release-linux-x86_64 0.2 3.76 39.39 43.15 NOTE
r-release-macos-arm64 0.2 NOTE
r-release-macos-x86_64 0.2 NOTE
r-release-windows-ix86+x86_64 0.2 10.00 45.00 55.00 NOTE
r-oldrel-macos-x86_64 0.2 OK
r-oldrel-windows-ix86+x86_64 0.2 9.00 67.00 76.00 OK

Check Details

Version: 0.2
Check: LazyData
Result: NOTE
     'LazyData' is specified without a 'data' directory
Flavors: r-devel-linux-x86_64-debian-clang, r-devel-linux-x86_64-debian-gcc, r-devel-linux-x86_64-fedora-clang, r-devel-linux-x86_64-fedora-gcc, r-devel-windows-x86_64, r-devel-windows-x86_64-gcc10-UCRT, r-patched-linux-x86_64, r-patched-solaris-x86, r-release-linux-x86_64, r-release-macos-arm64, r-release-macos-x86_64, r-release-windows-ix86+x86_64