Last updated on 2023-09-30 00:56:17 CEST.
Flavor | Version | Tinstall | Tcheck | Ttotal | Status | Flags |
---|---|---|---|---|---|---|
r-devel-linux-x86_64-debian-clang | 0.2-1 | 1040.99 | 297.29 | 1338.28 | NOTE | |
r-devel-linux-x86_64-debian-gcc | 0.2-1 | 839.05 | 261.39 | 1100.44 | NOTE | |
r-devel-linux-x86_64-fedora-clang | 0.2-1 | 1627.49 | NOTE | |||
r-devel-linux-x86_64-fedora-gcc | 0.2-1 | 2120.23 | NOTE | |||
r-devel-windows-x86_64 | 0.2-1 | 728.00 | 283.00 | 1011.00 | NOTE | |
r-patched-linux-x86_64 | 0.2-1 | 816.45 | 341.82 | 1158.27 | NOTE | |
r-release-linux-x86_64 | 0.2-1 | 778.31 | 339.89 | 1118.20 | NOTE | |
r-release-macos-arm64 | 0.2-1 | 554.00 | NOTE | |||
r-release-macos-x86_64 | 0.2-1 | 654.00 | NOTE | |||
r-release-windows-x86_64 | 0.2-1 | 990.00 | 361.00 | 1351.00 | NOTE | |
r-oldrel-macos-arm64 | 0.2-1 | 514.00 | NOTE | |||
r-oldrel-macos-x86_64 | 0.2-1 | 721.00 | NOTE | |||
r-oldrel-windows-x86_64 | 0.2-1 | 929.00 | 323.00 | 1252.00 | NOTE |
Version: 0.2-1
Check: for GNU extensions in Makefiles
Result: NOTE
GNU make is a SystemRequirements.
Flavors: r-devel-linux-x86_64-debian-clang, r-devel-linux-x86_64-debian-gcc, r-devel-linux-x86_64-fedora-clang, r-devel-linux-x86_64-fedora-gcc, r-devel-windows-x86_64, r-patched-linux-x86_64, r-release-linux-x86_64, r-release-macos-arm64, r-release-macos-x86_64, r-release-windows-x86_64, r-oldrel-macos-arm64, r-oldrel-macos-x86_64, r-oldrel-windows-x86_64
Version: 0.2-1
Check: installed package size
Result: NOTE
installed size is 9.7Mb
sub-directories of 1Mb or more:
libs 8.8Mb
Flavors: r-devel-linux-x86_64-fedora-clang, r-devel-windows-x86_64, r-release-macos-arm64, r-release-macos-x86_64, r-release-windows-x86_64, r-oldrel-macos-arm64, r-oldrel-macos-x86_64, r-oldrel-windows-x86_64