CRAN Package Check Results for Package Rlab

Last updated on 2022-12-01 21:50:21 CET.

Flavor Version Tinstall Tcheck Ttotal Status Flags
r-devel-linux-x86_64-debian-clang 4.0 4.14 67.50 71.64 NOTE
r-devel-linux-x86_64-debian-gcc 4.0 3.23 51.82 55.05 NOTE
r-devel-linux-x86_64-fedora-clang 4.0 100.55 NOTE
r-devel-linux-x86_64-fedora-gcc 4.0 96.92 NOTE
r-devel-windows-x86_64 4.0 58.00 123.00 181.00 NOTE
r-patched-linux-x86_64 4.0 6.40 61.82 68.22 OK
r-release-linux-x86_64 4.0 3.84 61.27 65.11 OK
r-release-macos-arm64 4.0 41.00 OK
r-release-macos-x86_64 4.0 53.00 OK
r-release-windows-x86_64 4.0 27.00 104.00 131.00 OK
r-oldrel-macos-arm64 4.0 38.00 OK
r-oldrel-macos-x86_64 4.0 49.00 OK
r-oldrel-windows-ix86+x86_64 4.0 10.00 93.00 103.00 OK

Check Details

Version: 4.0
Check: Rd files
Result: NOTE
    checkRd: (-1) Exponential.Rd:52: Escaped LaTeX specials: \&
    checkRd: (-1) Gamma.Rd:80: Escaped LaTeX specials: \&
    checkRd: (-1) college.Rd:13: Escaped LaTeX specials: \$
    checkRd: (-1) college.Rd:15: Escaped LaTeX specials: \$
Flavors: r-devel-linux-x86_64-debian-clang, r-devel-linux-x86_64-debian-gcc, r-devel-linux-x86_64-fedora-clang, r-devel-linux-x86_64-fedora-gcc, r-devel-windows-x86_64