CRAN Package Check Results for Package Rglpk

Last updated on 2022-12-10 07:04:45 CET.

Flavor Version Tinstall Tcheck Ttotal Status Flags
r-devel-linux-x86_64-debian-clang 0.6-4 4.88 28.49 33.37 WARN
r-devel-linux-x86_64-debian-gcc 0.6-4 3.26 22.65 25.91 WARN
r-devel-linux-x86_64-fedora-clang 0.6-4 51.91 WARN
r-devel-linux-x86_64-fedora-gcc 0.6-4 49.95 WARN
r-devel-windows-x86_64 0.6-4 23.00 64.00 87.00 NOTE
r-patched-linux-x86_64 0.6-4 3.67 25.61 29.28 OK
r-release-linux-x86_64 0.6-4 4.21 25.67 29.88 OK
r-release-macos-arm64 0.6-4 19.00 OK
r-release-macos-x86_64 0.6-4 24.00 OK
r-release-windows-x86_64 0.6-4 11.00 53.00 64.00 OK
r-oldrel-macos-arm64 0.6-4 25.00 NOTE
r-oldrel-macos-x86_64 0.6-4 26.00 OK
r-oldrel-windows-ix86+x86_64 0.6-4 12.00 54.00 66.00 OK

Check Details

Version: 0.6-4
Check: whether package can be installed
Result: WARN
    Found the following significant warnings:
     Rglpk_read_file.c:17:23: warning: a function declaration without a prototype is deprecated in all versions of C [-Wstrict-prototypes]
     init.c:42:23: warning: a function declaration without a prototype is deprecated in all versions of C [-Wstrict-prototypes]
Flavors: r-devel-linux-x86_64-debian-clang, r-devel-linux-x86_64-fedora-clang

Version: 0.6-4
Check: Rd files
Result: NOTE
    checkRd: (-1) Rglpk_read_file.Rd:6: Escaped LaTeX specials: \_
Flavors: r-devel-linux-x86_64-debian-clang, r-devel-linux-x86_64-debian-gcc, r-devel-linux-x86_64-fedora-clang, r-devel-linux-x86_64-fedora-gcc, r-devel-windows-x86_64

Version: 0.6-4
Check: whether package can be installed
Result: WARN
    Found the following significant warnings:
     Rglpk_read_file.c:17:6: warning: function declaration isn’t a prototype [-Wstrict-prototypes]
     init.c:42:1: warning: function declaration isn’t a prototype [-Wstrict-prototypes]
Flavors: r-devel-linux-x86_64-debian-gcc, r-devel-linux-x86_64-fedora-gcc

Version: 0.6-4
Check: Rd cross-references
Result: NOTE
    Undeclared packages ‘lpSolve’, ‘ROI’, ‘Rsymphony’ in Rd xrefs
Flavor: r-devel-linux-x86_64-fedora-clang

Version: 0.6-4
Check: Rd cross-references
Result: NOTE
    Package unavailable to check Rd xrefs: ‘Rsymphony’
Flavor: r-oldrel-macos-arm64