CRAN Package Check Results for Package Rfast2

Last updated on 2021-08-02 19:51:02 CEST.

Flavor Version Tinstall Tcheck Ttotal Status Flags
r-devel-linux-x86_64-debian-clang 0.0.9 504.68 68.75 573.43 NOTE
r-devel-linux-x86_64-debian-gcc 0.0.9 324.24 51.47 375.71 NOTE
r-devel-linux-x86_64-fedora-clang 0.0.9 781.14 NOTE
r-devel-linux-x86_64-fedora-gcc 0.0.9 702.23 NOTE
r-devel-windows-x86_64 0.0.9 392.00 104.00 496.00 NOTE
r-devel-windows-x86_64-gcc10-UCRT 0.0.9 NOTE
r-patched-linux-x86_64 0.0.9 NOTE
r-patched-solaris-x86 0.0.9 586.40 NOTE
r-release-linux-x86_64 0.0.9 378.05 65.84 443.89 NOTE
r-release-macos-arm64 0.0.9 NOTE
r-release-macos-x86_64 0.0.9 NOTE
r-release-windows-ix86+x86_64 0.0.9 1058.00 103.00 1161.00 NOTE
r-oldrel-macos-x86_64 0.0.9 NOTE
r-oldrel-windows-ix86+x86_64 0.0.9 780.00 129.00 909.00 NOTE

Check Details

Version: 0.0.9
Check: LazyData
Result: NOTE
     'LazyData' is specified without a 'data' directory
Flavors: r-devel-linux-x86_64-debian-clang, r-devel-linux-x86_64-debian-gcc, r-devel-linux-x86_64-fedora-clang, r-devel-linux-x86_64-fedora-gcc, r-devel-windows-x86_64, r-devel-windows-x86_64-gcc10-UCRT, r-patched-linux-x86_64, r-patched-solaris-x86, r-release-linux-x86_64, r-release-macos-arm64, r-release-macos-x86_64, r-release-windows-ix86+x86_64

Version: 0.0.9
Check: installed package size
Result: NOTE
     installed size is 22.7Mb
     sub-directories of 1Mb or more:
     libs 22.2Mb
Flavors: r-devel-linux-x86_64-fedora-clang, r-release-macos-arm64, r-release-macos-x86_64, r-release-windows-ix86+x86_64, r-oldrel-macos-x86_64, r-oldrel-windows-ix86+x86_64