CRAN Package Check Results for Package RevGadgets

Last updated on 2024-03-02 18:54:11 CET.

Flavor Version Tinstall Tcheck Ttotal Status Flags
r-devel-linux-x86_64-debian-clang 1.2.1 0.93 1.95 2.88 ERROR
r-devel-linux-x86_64-debian-gcc 1.2.1 11.29 112.93 124.22 OK
r-devel-linux-x86_64-fedora-clang 1.2.1 214.98 OK
r-devel-linux-x86_64-fedora-gcc 1.2.1 188.36 OK
r-devel-windows-x86_64 1.2.1 14.00 136.00 150.00 OK
r-patched-linux-x86_64 1.2.1 9.64 148.81 158.45 OK
r-release-linux-x86_64 1.2.1 9.83 150.17 160.00 OK
r-release-macos-arm64 1.2.1 58.00 OK
r-release-macos-x86_64 1.2.1 151.00 OK
r-release-windows-x86_64 1.2.1 20.00 168.00 188.00 OK
r-oldrel-macos-arm64 1.2.1 10.00 ERROR
r-oldrel-windows-x86_64 1.2.1 18.00 171.00 189.00 OK

Check Details

Version: 1.2.1
Check: package dependencies
Result: ERROR Package required but not available: ‘ggtree’ See section ‘The DESCRIPTION file’ in the ‘Writing R Extensions’ manual. Flavor: r-devel-linux-x86_64-debian-clang

Version: 1.2.1
Check: package dependencies
Result: ERROR Package required and available but unsuitable version: ‘ggtree’ See section ‘The DESCRIPTION file’ in the ‘Writing R Extensions’ manual. Flavor: r-oldrel-macos-arm64