Last updated on 2023-01-31 19:07:34 CET.
Flavor | Version | Tinstall | Tcheck | Ttotal | Status | Flags |
---|---|---|---|---|---|---|
r-devel-linux-x86_64-debian-clang | 0.1.2 | 18.55 | 170.47 | 189.02 | NOTE | |
r-devel-linux-x86_64-debian-gcc | 0.1.2 | 14.93 | 124.69 | 139.62 | NOTE | |
r-devel-linux-x86_64-fedora-clang | 0.1.2 | 233.85 | NOTE | |||
r-devel-linux-x86_64-fedora-gcc | 0.1.2 | 247.51 | NOTE | |||
r-devel-windows-x86_64 | 0.1.2 | 30.00 | 197.00 | 227.00 | NOTE | |
r-patched-linux-x86_64 | 0.1.2 | 0.27 | 2.68 | 2.95 | ERROR | |
r-release-linux-x86_64 | 0.1.2 | 13.78 | 172.45 | 186.23 | NOTE | |
r-release-macos-arm64 | 0.1.2 | 91.00 | NOTE | |||
r-release-macos-x86_64 | 0.1.2 | 105.00 | NOTE | |||
r-release-windows-x86_64 | 0.1.2 | 33.00 | 264.00 | 297.00 | NOTE | |
r-oldrel-macos-arm64 | 0.1.2 | 65.00 | NOTE | |||
r-oldrel-macos-x86_64 | 0.1.2 | 141.00 | NOTE | |||
r-oldrel-windows-ix86+x86_64 | 0.1.2 | 45.00 | 198.00 | 243.00 | NOTE |
Version: 0.1.2
Check: LazyData
Result: NOTE
'LazyData' is specified without a 'data' directory
Flavors: r-devel-linux-x86_64-debian-clang, r-devel-linux-x86_64-debian-gcc, r-devel-linux-x86_64-fedora-clang, r-devel-linux-x86_64-fedora-gcc, r-devel-windows-x86_64, r-release-linux-x86_64, r-release-macos-arm64, r-release-macos-x86_64, r-release-windows-x86_64, r-oldrel-macos-arm64, r-oldrel-macos-x86_64, r-oldrel-windows-ix86+x86_64
Version: 0.1.2
Check: package dependencies
Result: ERROR
Package required but not available: ‘blavaan’
See section ‘The DESCRIPTION file’ in the ‘Writing R Extensions’
manual.
Flavor: r-patched-linux-x86_64