CRAN Package Check Results for Package Replication

Last updated on 2021-09-26 19:49:10 CEST.

Flavor Version Tinstall Tcheck Ttotal Status Flags
r-devel-linux-x86_64-debian-clang 0.1.2 19.75 175.10 194.85 NOTE
r-devel-linux-x86_64-debian-gcc 0.1.2 15.41 130.40 145.81 NOTE
r-devel-linux-x86_64-fedora-clang 0.1.2 234.35 NOTE
r-devel-linux-x86_64-fedora-gcc 0.1.2 235.90 NOTE
r-devel-windows-x86_64 0.1.2 22.00 186.00 208.00 NOTE
r-devel-windows-x86_64-gcc10-UCRT 0.1.2 NOTE
r-patched-linux-x86_64 0.1.2 25.51 157.27 182.78 NOTE
r-patched-solaris-x86 0.1.2 319.20 NOTE
r-release-linux-x86_64 0.1.2 16.47 159.62 176.09 NOTE
r-release-macos-arm64 0.1.2 NOTE
r-release-macos-x86_64 0.1.2 NOTE
r-release-windows-ix86+x86_64 0.1.2 46.00 202.00 248.00 NOTE
r-oldrel-macos-x86_64 0.1.2 OK
r-oldrel-windows-ix86+x86_64 0.1.2 32.00 161.00 193.00 OK

Check Details

Version: 0.1.2
Check: LazyData
Result: NOTE
     'LazyData' is specified without a 'data' directory
Flavors: r-devel-linux-x86_64-debian-clang, r-devel-linux-x86_64-debian-gcc, r-devel-linux-x86_64-fedora-clang, r-devel-linux-x86_64-fedora-gcc, r-devel-windows-x86_64, r-devel-windows-x86_64-gcc10-UCRT, r-patched-linux-x86_64, r-patched-solaris-x86, r-release-linux-x86_64, r-release-macos-arm64, r-release-macos-x86_64, r-release-windows-ix86+x86_64