CRAN Package Check Results for Package RegKink

Last updated on 2024-02-27 18:49:26 CET.

Flavor Version Tinstall Tcheck Ttotal Status Flags
r-devel-linux-x86_64-debian-clang 0.1.0 2.00 21.65 23.65 OK
r-devel-linux-x86_64-debian-gcc 0.1.0 1.51 16.83 18.34 OK
r-devel-linux-x86_64-fedora-clang 0.1.0 29.92 NOTE
r-devel-linux-x86_64-fedora-gcc 0.1.0 27.68 NOTE
r-devel-windows-x86_64 0.1.0 2.00 39.00 41.00 OK
r-patched-linux-x86_64 0.1.0 1.95 21.46 23.41 OK
r-release-linux-x86_64 0.1.0 1.86 21.48 23.34 OK
r-release-macos-arm64 0.1.0 13.00 OK
r-release-macos-x86_64 0.1.0 18.00 OK
r-release-windows-x86_64 0.1.0 3.00 38.00 41.00 OK
r-oldrel-macos-arm64 0.1.0 13.00 OK
r-oldrel-windows-x86_64 0.1.0 3.00 42.00 45.00 OK

Check Details

Version: 0.1.0
Check: dependencies in R code
Result: NOTE Namespace in Imports field not imported from: ‘MASS’ All declared Imports should be used. Flavors: r-devel-linux-x86_64-fedora-clang, r-devel-linux-x86_64-fedora-gcc