CRAN Package Check Results for Package RegKink

Last updated on 2023-03-30 06:53:26 CEST.

Flavor Version Tinstall Tcheck Ttotal Status Flags
r-devel-linux-x86_64-debian-clang 0.1.0 1.78 21.06 22.84 OK
r-devel-linux-x86_64-debian-gcc 0.1.0 1.46 16.90 18.36 OK
r-devel-linux-x86_64-fedora-clang 0.1.0 29.33 NOTE
r-devel-linux-x86_64-fedora-gcc 0.1.0 29.29 NOTE
r-devel-windows-x86_64 0.1.0 8.00 0.00 8.00 OK
r-patched-linux-x86_64 0.1.0 2.10 20.65 22.75 OK
r-release-linux-x86_64 0.1.0 1.77 22.33 24.10 OK
r-release-macos-arm64 0.1.0 13.00 NOTE
r-release-macos-x86_64 0.1.0 20.00 NOTE
r-release-windows-x86_64 0.1.0 4.00 47.00 51.00 OK
r-oldrel-macos-arm64 0.1.0 18.00 NOTE
r-oldrel-macos-x86_64 0.1.0 25.00 NOTE
r-oldrel-windows-ix86+x86_64 0.1.0 5.00 47.00 52.00 OK

Check Details

Version: 0.1.0
Check: dependencies in R code
Result: NOTE
    Namespace in Imports field not imported from: ‘MASS’
     All declared Imports should be used.
Flavors: r-devel-linux-x86_64-fedora-clang, r-devel-linux-x86_64-fedora-gcc, r-release-macos-arm64, r-release-macos-x86_64, r-oldrel-macos-arm64, r-oldrel-macos-x86_64