CRAN Package Check Results for Package ReadDIM

Last updated on 2023-02-08 21:56:51 CET.

Flavor Version Tinstall Tcheck Ttotal Status Flags
r-devel-linux-x86_64-debian-clang 0.2.10 32.23 270.43 302.66 NOTE
r-devel-linux-x86_64-debian-gcc 0.2.10 24.04 199.82 223.86 NOTE
r-devel-linux-x86_64-fedora-clang 0.2.10 363.61 NOTE
r-devel-linux-x86_64-fedora-gcc 0.2.10 360.08 NOTE
r-devel-windows-x86_64 0.2.10 31.00 261.00 292.00 NOTE
r-patched-linux-x86_64 0.2.10 26.42 261.26 287.68 NOTE
r-release-linux-x86_64 0.2.10 26.61 268.05 294.66 NOTE
r-release-macos-arm64 0.2.10 66.00 NOTE
r-release-macos-x86_64 0.2.10 101.00 NOTE
r-release-windows-x86_64 0.2.10 39.00 277.00 316.00 NOTE
r-oldrel-macos-arm64 0.2.10 37.00 NOTE
r-oldrel-macos-x86_64 0.2.10 67.00 NOTE
r-oldrel-windows-ix86+x86_64 0.2.10 64.00 266.00 330.00 NOTE

Check Details

Version: 0.2.10
Check: LazyData
Result: NOTE
     'LazyData' is specified without a 'data' directory
Flavors: r-devel-linux-x86_64-debian-clang, r-devel-linux-x86_64-debian-gcc, r-devel-linux-x86_64-fedora-clang, r-devel-linux-x86_64-fedora-gcc, r-devel-windows-x86_64, r-patched-linux-x86_64, r-release-linux-x86_64, r-release-macos-arm64, r-release-macos-x86_64, r-release-windows-x86_64, r-oldrel-macos-arm64, r-oldrel-macos-x86_64, r-oldrel-windows-ix86+x86_64