CRAN Package Check Results for Package Rdsdp

Last updated on 2022-12-04 00:51:38 CET.

Flavor Version Tinstall Tcheck Ttotal Status Flags
r-devel-linux-x86_64-debian-clang 1.0.5.2 27.73 28.67 56.40 WARN
r-devel-linux-x86_64-debian-gcc 1.0.5.2 23.08 22.47 45.55 WARN
r-devel-linux-x86_64-fedora-clang 1.0.5.2 80.28 WARN
r-devel-linux-x86_64-fedora-gcc 1.0.5.2 84.39 WARN
r-devel-windows-x86_64 1.0.5.2 76.00 74.00 150.00 OK
r-patched-linux-x86_64 1.0.5.2 24.40 26.92 51.32 OK
r-release-linux-x86_64 1.0.5.2 23.38 26.93 50.31 OK
r-release-macos-arm64 1.0.5.2 35.00 OK
r-release-macos-x86_64 1.0.5.2 39.00 OK
r-release-windows-x86_64 1.0.5.2 72.00 58.00 130.00 OK
r-oldrel-macos-arm64 1.0.5.2 37.00 OK
r-oldrel-macos-x86_64 1.0.5.2 40.00 OK
r-oldrel-windows-ix86+x86_64 1.0.5.2 73.00 57.00 130.00 OK

Check Details

Version: 1.0.5.2
Check: whether package can be installed
Result: WARN
    Found the following significant warnings:
     dsdp/include/dsdp5.h:206:28: warning: a function declaration without a prototype is deprecated in all versions of C [-Wstrict-prototypes]
     ../../include/dsdp5.h:206:28: warning: a function declaration without a prototype is deprecated in all versions of C [-Wstrict-prototypes]
     dsdpcops.c:20:30: warning: a function declaration without a prototype is deprecated in all versions of C [-Wstrict-prototypes]
     dsdpcops.c:28:34: warning: a function declaration without a prototype is deprecated in all versions of C [-Wstrict-prototypes]
     dsdpsetoptions.c:280:21: warning: a function declaration without a prototype is deprecated in all versions of C [-Wstrict-prototypes]
     sdpalloc.c:4:14: warning: a function declaration without a prototype is deprecated in all versions of C [-Wstrict-prototypes]
     sdpexit.c:4:14: warning: a function declaration without a prototype is deprecated in all versions of C [-Wstrict-prototypes]
     dsdperror.c:129:19: warning: a function declaration without a prototype is deprecated in all versions of C [-Wstrict-prototypes]
Flavors: r-devel-linux-x86_64-debian-clang, r-devel-linux-x86_64-fedora-clang

Version: 1.0.5.2
Check: whether package can be installed
Result: WARN
    Found the following significant warnings:
     dsdp/include/dsdp5.h:206:1: warning: function declaration isn’t a prototype [-Wstrict-prototypes]
     ../../include/dsdp5.h:206:1: warning: function declaration isn’t a prototype [-Wstrict-prototypes]
     dsdpcops.c:20:12: warning: function declaration isn’t a prototype [-Wstrict-prototypes]
     dsdpsetoptions.c:280:5: warning: function declaration isn’t a prototype [-Wstrict-prototypes]
     sdpalloc.c:4:1: warning: function declaration isn’t a prototype [-Wstrict-prototypes]
Flavors: r-devel-linux-x86_64-debian-gcc, r-devel-linux-x86_64-fedora-gcc