CRAN Package Check Results for Package RcppUUID

Last updated on 2024-02-21 12:53:09 CET.

Flavor Version Tinstall Tcheck Ttotal Status Flags
r-devel-linux-x86_64-debian-clang 1.1.1 NOTE
r-devel-linux-x86_64-debian-gcc 1.1.1 22.96 21.97 44.93 NOTE
r-devel-linux-x86_64-fedora-clang 1.1.1 83.92 NOTE
r-devel-linux-x86_64-fedora-gcc 1.1.1 76.79 NOTE
r-devel-windows-x86_64 1.1.1 24.00 70.00 94.00 NOTE
r-patched-linux-x86_64 1.1.1 31.30 27.59 58.89 NOTE
r-release-linux-x86_64 1.1.1 27.63 28.19 55.82 NOTE
r-release-macos-arm64 1.1.1 26.00 NOTE
r-release-macos-x86_64 1.1.1 38.00 NOTE
r-release-windows-x86_64 1.1.1 24.00 74.00 98.00 NOTE
r-oldrel-macos-arm64 1.1.1 26.00 OK
r-oldrel-windows-x86_64 1.1.1 34.00 72.00 106.00 OK

Check Details

Version: 1.1.1
Check: C++ specification
Result: NOTE Specified C++11: please drop specification unless essential Flavors: r-devel-linux-x86_64-debian-clang, r-devel-linux-x86_64-debian-gcc, r-devel-linux-x86_64-fedora-clang, r-devel-linux-x86_64-fedora-gcc, r-devel-windows-x86_64, r-patched-linux-x86_64, r-release-linux-x86_64, r-release-macos-arm64, r-release-macos-x86_64, r-release-windows-x86_64