Last updated on 2023-02-03 06:50:30 CET.
Flavor | Version | Tinstall | Tcheck | Ttotal | Status | Flags |
---|---|---|---|---|---|---|
r-devel-linux-x86_64-debian-clang | 2.1.3 | 3.51 | 115.97 | 119.48 | NOTE | |
r-devel-linux-x86_64-debian-gcc | 2.1.3 | 2.52 | 80.91 | 83.43 | NOTE | |
r-devel-linux-x86_64-fedora-clang | 2.1.3 | 143.58 | NOTE | |||
r-devel-linux-x86_64-fedora-gcc | 2.1.3 | 143.87 | NOTE | |||
r-devel-windows-x86_64 | 2.1.3 | 25.00 | 125.00 | 150.00 | NOTE | |
r-patched-linux-x86_64 | 2.1.3 | 3.32 | 106.45 | 109.77 | OK | |
r-release-linux-x86_64 | 2.1.3 | 3.17 | 108.35 | 111.52 | OK | |
r-release-macos-arm64 | 2.1.3 | 58.00 | OK | |||
r-release-macos-x86_64 | 2.1.3 | 82.00 | OK | |||
r-release-windows-x86_64 | 2.1.3 | 142.00 | 131.00 | 273.00 | OK | |
r-oldrel-macos-arm64 | 2.1.3 | 59.00 | OK | |||
r-oldrel-macos-x86_64 | 2.1.3 | 105.00 | OK | |||
r-oldrel-windows-ix86+x86_64 | 2.1.3 | 9.00 | 164.00 | 173.00 | OK |
Version: 2.1.3
Check: C++ specification
Result: NOTE
Specified C++11: please update to current default of C++17
Flavors: r-devel-linux-x86_64-debian-clang, r-devel-linux-x86_64-debian-gcc, r-devel-linux-x86_64-fedora-clang, r-devel-linux-x86_64-fedora-gcc, r-devel-windows-x86_64