CRAN Package Check Results for Package RcppSpdlog

Last updated on 2021-11-26 19:53:01 CET.

Flavor Version Tinstall Tcheck Ttotal Status Flags
r-devel-linux-x86_64-debian-clang 0.0.6 33.71 28.39 62.10 OK
r-devel-linux-x86_64-debian-gcc 0.0.6 26.78 22.72 49.50 OK
r-devel-linux-x86_64-fedora-clang 0.0.6 100.19 OK
r-devel-linux-x86_64-fedora-gcc 0.0.6 87.37 OK
r-devel-windows-x86_64-new-UL 0.0.6 59.00 102.00 161.00 OK
r-devel-windows-x86_64-new-TK 0.0.6 OK
r-devel-windows-x86_64-old 0.0.6 36.00 56.00 92.00 OK
r-patched-linux-x86_64 0.0.6 33.57 26.90 60.47 OK
r-patched-solaris-x86 0.0.6 93.80 OK
r-release-linux-x86_64 0.0.6 OK
r-release-macos-arm64 0.0.6 NOTE
r-release-macos-x86_64 0.0.6 NOTE
r-release-windows-ix86+x86_64 0.0.6 93.00 75.00 168.00 OK
r-oldrel-macos-x86_64 0.0.6 NOTE
r-oldrel-windows-ix86+x86_64 0.0.6 66.00 82.00 148.00 OK

Check Details

Version: 0.0.6
Check: installed package size
Result: NOTE
     installed size is 5.7Mb
     sub-directories of 1Mb or more:
     libs 4.6Mb
Flavors: r-release-macos-arm64, r-release-macos-x86_64, r-oldrel-macos-x86_64