CRAN Package Check Results for Package RcppMsgPack

Last updated on 2024-02-29 00:55:51 CET.

Flavor Version Tinstall Tcheck Ttotal Status Flags
r-devel-linux-x86_64-debian-clang 0.2.3 52.60 80.02 132.62 NOTE
r-devel-linux-x86_64-debian-gcc 0.2.3 39.27 63.00 102.27 NOTE
r-devel-linux-x86_64-fedora-clang 0.2.3 179.20 NOTE
r-devel-linux-x86_64-fedora-gcc 0.2.3 192.37 NOTE
r-devel-windows-x86_64 0.2.3 49.00 113.00 162.00 NOTE
r-patched-linux-x86_64 0.2.3 43.71 76.30 120.01 NOTE
r-release-linux-x86_64 0.2.3 50.99 76.62 127.61 NOTE
r-release-macos-arm64 0.2.3 60.00 NOTE
r-release-macos-x86_64 0.2.3 94.00 NOTE
r-release-windows-x86_64 0.2.3 56.00 122.00 178.00 NOTE
r-oldrel-macos-arm64 0.2.3 55.00 NOTE
r-oldrel-windows-x86_64 0.2.3 65.00 120.00 185.00 NOTE

Check Details

Version: 0.2.3
Check: C++ specification
Result: NOTE Specified C++11: please drop specification unless essential Flavors: r-devel-linux-x86_64-debian-clang, r-devel-linux-x86_64-debian-gcc, r-devel-linux-x86_64-fedora-clang, r-devel-linux-x86_64-fedora-gcc, r-devel-windows-x86_64, r-patched-linux-x86_64, r-release-linux-x86_64, r-release-macos-arm64, r-release-macos-x86_64, r-release-windows-x86_64

Version: 0.2.3
Check: installed package size
Result: NOTE installed size is 7.7Mb sub-directories of 1Mb or more: include 7.0Mb Flavors: r-devel-linux-x86_64-fedora-clang, r-devel-windows-x86_64, r-release-macos-arm64, r-release-macos-x86_64, r-release-windows-x86_64, r-oldrel-macos-arm64, r-oldrel-windows-x86_64