CRAN Package Check Results for Package RcppFastAD

Last updated on 2024-02-21 12:53:09 CET.

Flavor Version Tinstall Tcheck Ttotal Status Flags
r-devel-linux-x86_64-debian-clang 0.0.2 OK
r-devel-linux-x86_64-debian-gcc 0.0.2 44.26 22.99 67.25 OK
r-devel-linux-x86_64-fedora-clang 0.0.2 122.93 OK
r-devel-linux-x86_64-fedora-gcc 0.0.2 128.22 OK
r-devel-windows-x86_64 0.0.2 48.00 69.00 117.00 OK
r-patched-linux-x86_64 0.0.2 63.85 29.04 92.89 OK
r-release-linux-x86_64 0.0.2 63.67 28.64 92.31 OK
r-release-macos-arm64 0.0.2 37.00 NOTE
r-release-macos-x86_64 0.0.2 56.00 NOTE
r-release-windows-x86_64 0.0.2 61.00 79.00 140.00 OK
r-oldrel-macos-arm64 0.0.2 34.00 NOTE
r-oldrel-windows-x86_64 0.0.2 62.00 78.00 140.00 OK

Check Details

Version: 0.0.2
Check: installed package size
Result: NOTE installed size is 6.9Mb sub-directories of 1Mb or more: libs 6.5Mb Flavors: r-release-macos-arm64, r-release-macos-x86_64, r-oldrel-macos-arm64