CRAN Package Check Results for Package RcppClassicExamples

Last updated on 2022-10-01 07:08:06 CEST.

Flavor Version Tinstall Tcheck Ttotal Status Flags
r-devel-linux-x86_64-debian-clang 0.1.2 46.78 29.33 76.11 OK
r-devel-linux-x86_64-debian-gcc 0.1.2 38.16 22.76 60.92 OK
r-devel-linux-x86_64-fedora-clang 0.1.2 129.53 NOTE
r-devel-linux-x86_64-fedora-gcc 0.1.2 110.33 OK
r-devel-windows-x86_64 0.1.2 61.00 81.00 142.00 OK
r-patched-linux-x86_64 0.1.2 38.40 28.44 66.84 OK
r-release-linux-x86_64 0.1.2 37.18 27.92 65.10 OK
r-release-macos-arm64 0.1.2 31.00 OK
r-release-macos-x86_64 0.1.2 41.00 OK
r-release-windows-x86_64 0.1.2 117.00 85.00 202.00 OK
r-oldrel-macos-arm64 0.1.2 34.00 OK
r-oldrel-macos-x86_64 0.1.2 55.00 OK
r-oldrel-windows-ix86+x86_64 0.1.2 128.00 100.00 228.00 OK

Check Details

Version: 0.1.2
Check: Rd cross-references
Result: NOTE
    Undeclared package ‘RcppExamples’ in Rd xrefs
Flavor: r-devel-linux-x86_64-fedora-clang