Last updated on 2023-09-30 00:56:16 CEST.
Flavor | Version | Tinstall | Tcheck | Ttotal | Status | Flags |
---|---|---|---|---|---|---|
r-devel-linux-x86_64-debian-clang | 0.1.2 | 50.89 | 28.92 | 79.81 | OK | |
r-devel-linux-x86_64-debian-gcc | 0.1.2 | 33.58 | 22.24 | 55.82 | OK | |
r-devel-linux-x86_64-fedora-clang | 0.1.2 | 124.33 | NOTE | |||
r-devel-linux-x86_64-fedora-gcc | 0.1.2 | 117.48 | OK | |||
r-devel-windows-x86_64 | 0.1.2 | 46.00 | 77.00 | 123.00 | OK | |
r-patched-linux-x86_64 | 0.1.2 | 46.44 | 28.23 | 74.67 | OK | |
r-release-linux-x86_64 | 0.1.2 | 53.12 | 27.61 | 80.73 | OK | |
r-release-macos-arm64 | 0.1.2 | 33.00 | OK | |||
r-release-macos-x86_64 | 0.1.2 | 50.00 | OK | |||
r-release-windows-x86_64 | 0.1.2 | 57.00 | 85.00 | 142.00 | OK | |
r-oldrel-macos-arm64 | 0.1.2 | 31.00 | OK | |||
r-oldrel-macos-x86_64 | 0.1.2 | 41.00 | OK | |||
r-oldrel-windows-x86_64 | 0.1.2 | 53.00 | 80.00 | 133.00 | OK |
Version: 0.1.2
Check: Rd cross-references
Result: NOTE
Undeclared package ‘RcppExamples’ in Rd xrefs
Flavor: r-devel-linux-x86_64-fedora-clang