CRAN Package Check Results for Package RcppBDT

Last updated on 2024-02-22 06:51:51 CET.

Flavor Version Tinstall Tcheck Ttotal Status Flags
r-devel-linux-x86_64-debian-clang 0.2.6 NOTE
r-devel-linux-x86_64-debian-gcc 0.2.6 98.91 64.09 163.00 NOTE
r-devel-linux-x86_64-fedora-clang 0.2.6 273.89 NOTE
r-devel-linux-x86_64-fedora-gcc 0.2.6 289.06 NOTE
r-devel-windows-x86_64 0.2.6 88.00 119.00 207.00 NOTE
r-patched-linux-x86_64 0.2.6 123.17 84.77 207.94 NOTE
r-release-linux-x86_64 0.2.6 111.59 82.21 193.80 NOTE
r-release-macos-arm64 0.2.6 68.00 NOTE
r-release-macos-x86_64 0.2.6 120.00 NOTE
r-release-windows-x86_64 0.2.6 87.00 138.00 225.00 NOTE
r-oldrel-macos-arm64 0.2.6 67.00 NOTE
r-oldrel-windows-x86_64 0.2.6 120.00 127.00 247.00 OK

Check Details

Version: 0.2.6
Check: C++ specification
Result: NOTE Specified C++11: please drop specification unless essential Flavors: r-devel-linux-x86_64-debian-clang, r-devel-linux-x86_64-debian-gcc, r-devel-linux-x86_64-fedora-clang, r-devel-linux-x86_64-fedora-gcc, r-devel-windows-x86_64, r-patched-linux-x86_64, r-release-linux-x86_64, r-release-macos-arm64, r-release-macos-x86_64, r-release-windows-x86_64

Version: 0.2.6
Check: installed package size
Result: NOTE installed size is 9.4Mb sub-directories of 1Mb or more: libs 9.2Mb Flavors: r-release-macos-arm64, r-release-macos-x86_64, r-oldrel-macos-arm64