Last updated on 2022-08-07 21:56:32 CEST.
Flavor | Version | Tinstall | Tcheck | Ttotal | Status | Flags |
---|---|---|---|---|---|---|
r-devel-linux-x86_64-debian-clang | 0.11.2.0.0 | 46.15 | 307.45 | 353.60 | OK | |
r-devel-linux-x86_64-debian-gcc | 0.11.2.0.0 | 38.76 | 221.94 | 260.70 | OK | |
r-devel-linux-x86_64-fedora-clang | 0.11.2.0.0 | 459.53 | NOTE | |||
r-devel-linux-x86_64-fedora-gcc | 0.11.2.0.0 | 432.29 | OK | |||
r-devel-windows-x86_64 | 0.11.2.0.0 | 719.00 | 358.00 | 1077.00 | NOTE | |
r-patched-linux-x86_64 | 0.11.2.0.0 | 38.56 | 263.60 | 302.16 | OK | |
r-release-linux-x86_64 | 0.11.2.0.0 | 44.03 | 264.63 | 308.66 | OK | |
r-release-macos-arm64 | 0.11.2.0.0 | 109.00 | NOTE | |||
r-release-macos-x86_64 | 0.11.2.0.0 | 175.00 | NOTE | |||
r-release-windows-x86_64 | 0.11.2.0.0 | 378.00 | 370.00 | 748.00 | NOTE | |
r-oldrel-macos-arm64 | 0.11.2.0.0 | 102.00 | NOTE | |||
r-oldrel-macos-x86_64 | 0.11.2.0.0 | 171.00 | NOTE | |||
r-oldrel-windows-ix86+x86_64 | 0.11.2.0.0 | 116.00 | 591.00 | 707.00 | NOTE |
Version: 0.11.2.0.0
Check: installed package size
Result: NOTE
installed size is 8.5Mb
sub-directories of 1Mb or more:
include 6.3Mb
libs 1.4Mb
Flavors: r-devel-linux-x86_64-fedora-clang, r-devel-windows-x86_64, r-release-macos-arm64, r-release-macos-x86_64, r-release-windows-x86_64, r-oldrel-macos-arm64, r-oldrel-macos-x86_64, r-oldrel-windows-ix86+x86_64