Last updated on 2023-05-29 00:59:42 CEST.
Flavor | Version | Tinstall | Tcheck | Ttotal | Status | Flags |
---|---|---|---|---|---|---|
r-devel-linux-x86_64-debian-clang | 0.12.2.0.0 | 58.79 | 299.27 | 358.06 | OK | |
r-devel-linux-x86_64-debian-gcc | 0.12.4.0.0 | 36.22 | 215.73 | 251.95 | OK | |
r-devel-linux-x86_64-fedora-clang | 0.12.2.0.0 | 460.53 | NOTE | |||
r-devel-linux-x86_64-fedora-gcc | 0.12.4.0.0 | 492.62 | OK | |||
r-devel-windows-x86_64 | 0.12.2.0.0 | 53.00 | 312.00 | 365.00 | NOTE | |
r-patched-linux-x86_64 | 0.12.2.0.0 | 44.88 | 259.39 | 304.27 | OK | |
r-release-linux-x86_64 | 0.12.2.0.0 | 41.50 | 261.32 | 302.82 | OK | |
r-release-macos-arm64 | 0.12.4.0.0 | 126.00 | NOTE | |||
r-release-macos-x86_64 | 0.12.2.0.0 | 243.00 | NOTE | |||
r-release-windows-x86_64 | 0.12.4.0.0 | 43.00 | 227.00 | 270.00 | NOTE | |
r-oldrel-macos-arm64 | 0.12.4.0.0 | 124.00 | NOTE | |||
r-oldrel-macos-x86_64 | 0.12.2.0.0 | 172.00 | NOTE | |||
r-oldrel-windows-x86_64 | 0.12.2.0.0 | 59.00 | 304.00 | 363.00 | NOTE |
Version: 0.12.2.0.0
Check: installed package size
Result: NOTE
installed size is 7.5Mb
sub-directories of 1Mb or more:
include 6.4Mb
Flavors: r-devel-linux-x86_64-fedora-clang, r-devel-windows-x86_64, r-release-macos-x86_64, r-oldrel-macos-x86_64, r-oldrel-windows-x86_64
Version: 0.12.4.0.0
Check: installed package size
Result: NOTE
installed size is 9.5Mb
sub-directories of 1Mb or more:
include 6.4Mb
libs 2.3Mb
Flavors: r-release-macos-arm64, r-release-windows-x86_64, r-oldrel-macos-arm64