CRAN Package Check Results for Package RcppAlgos

Last updated on 2021-11-26 19:53:01 CET.

Flavor Version Tinstall Tcheck Ttotal Status Flags
r-devel-linux-x86_64-debian-clang 2.4.3 383.94 98.14 482.08 OK
r-devel-linux-x86_64-debian-gcc 2.4.3 268.43 77.70 346.13 OK
r-devel-linux-x86_64-fedora-clang 2.4.3 778.86 NOTE
r-devel-linux-x86_64-fedora-gcc 2.4.3 670.68 OK
r-devel-windows-x86_64-new-UL 2.4.3 489.00 204.00 693.00 OK
r-devel-windows-x86_64-new-TK 2.4.3 OK
r-devel-windows-x86_64-old 2.4.3 367.00 118.00 485.00 OK
r-patched-linux-x86_64 2.4.3 330.50 99.74 430.24 OK
r-patched-solaris-x86 2.4.3 599.80 OK
r-release-linux-x86_64 2.4.3 OK
r-release-macos-arm64 2.4.3 NOTE
r-release-macos-x86_64 2.4.3 NOTE
r-release-windows-ix86+x86_64 2.4.3 930.00 238.00 1168.00 NOTE
r-oldrel-macos-x86_64 2.4.3 NOTE
r-oldrel-windows-ix86+x86_64 2.4.3 667.00 230.00 897.00 NOTE

Check Details

Version: 2.4.3
Check: installed package size
Result: NOTE
     installed size is 21.7Mb
     sub-directories of 1Mb or more:
     libs 20.3Mb
Flavors: r-devel-linux-x86_64-fedora-clang, r-release-macos-arm64, r-release-macos-x86_64, r-release-windows-ix86+x86_64, r-oldrel-macos-x86_64, r-oldrel-windows-ix86+x86_64