Last updated on 2023-06-09 00:54:31 CEST.
Flavor | Version | Tinstall | Tcheck | Ttotal | Status | Flags |
---|---|---|---|---|---|---|
r-devel-linux-x86_64-debian-clang | 2.7.2 | 281.54 | 179.40 | 460.94 | OK | |
r-devel-linux-x86_64-debian-gcc | 2.7.2 | 225.42 | 141.17 | 366.59 | OK | |
r-devel-linux-x86_64-fedora-clang | 2.7.2 | 695.06 | OK | |||
r-devel-linux-x86_64-fedora-gcc | 2.7.2 | 661.13 | OK | |||
r-devel-windows-x86_64 | 2.7.2 | 202.00 | 244.00 | 446.00 | OK | |
r-patched-linux-x86_64 | 2.7.2 | 251.26 | 172.00 | 423.26 | OK | |
r-release-linux-x86_64 | 2.7.2 | 257.95 | 170.94 | 428.89 | OK | |
r-release-macos-arm64 | 2.7.2 | 150.00 | NOTE | |||
r-release-macos-x86_64 | 2.7.2 | 300.00 | NOTE | |||
r-release-windows-x86_64 | 2.7.2 | 221.00 | 243.00 | 464.00 | OK | |
r-oldrel-macos-arm64 | 2.7.2 | 140.00 | NOTE | |||
r-oldrel-macos-x86_64 | 2.7.2 | 234.00 | NOTE | |||
r-oldrel-windows-x86_64 | 2.7.2 | 310.00 | 236.00 | 546.00 | OK |
Version: 2.7.2
Check: installed package size
Result: NOTE
installed size is 19.0Mb
sub-directories of 1Mb or more:
libs 17.0Mb
Flavors: r-release-macos-arm64, r-release-macos-x86_64, r-oldrel-macos-arm64, r-oldrel-macos-x86_64