CRAN Package Check Results for Package RcmdrPlugin.sutteForecastR

Last updated on 2021-09-19 13:49:30 CEST.

Flavor Version Tinstall Tcheck Ttotal Status Flags
r-devel-linux-x86_64-debian-clang 1.0.0 16.77 138.75 155.52 OK
r-devel-linux-x86_64-debian-gcc 1.0.0 13.93 104.17 118.10 OK
r-devel-linux-x86_64-fedora-clang 1.0.0 198.03 OK
r-devel-linux-x86_64-fedora-gcc 1.0.0 187.25 OK
r-devel-windows-x86_64 1.0.0 20.00 176.00 196.00 OK
r-devel-windows-x86_64-gcc10-UCRT 1.0.0 ERROR
r-patched-linux-x86_64 1.0.0 15.95 129.89 145.84 OK
r-patched-solaris-x86 1.0.0 281.10 OK
r-release-linux-x86_64 1.0.0 15.63 130.91 146.54 OK
r-release-macos-arm64 1.0.0 OK
r-release-macos-x86_64 1.0.0 OK
r-release-windows-ix86+x86_64 1.0.0 41.00 162.00 203.00 OK
r-oldrel-macos-x86_64 1.0.0 OK
r-oldrel-windows-ix86+x86_64 1.0.0 41.00 128.00 169.00 OK

Check Details

Version: 1.0.0
Check: whether package can be installed
Result: WARN
    Found the following significant warnings:
     WARNING: installation-time patches will not be applied, could not get the patches index
Flavor: r-devel-windows-x86_64-gcc10-UCRT

Version: 1.0.0
Check: PDF version of manual
Result: WARN
    LaTeX errors when creating PDF version.
    This typically indicates Rd problems.
Flavor: r-devel-windows-x86_64-gcc10-UCRT

Version: 1.0.0
Check: PDF version of manual without hyperrefs or index
Result: ERROR
    Re-running with no redirection of stdout/stderr.
Flavor: r-devel-windows-x86_64-gcc10-UCRT