CRAN Package Check Results for Package RcmdrPlugin.survival

Last updated on 2021-09-19 13:49:30 CEST.

Flavor Version Tinstall Tcheck Ttotal Status Flags
r-devel-linux-x86_64-debian-clang 1.2-1 18.73 135.07 153.80 OK
r-devel-linux-x86_64-debian-gcc 1.2-1 15.84 102.55 118.39 OK
r-devel-linux-x86_64-fedora-clang 1.2-1 202.65 OK
r-devel-linux-x86_64-fedora-gcc 1.2-1 190.70 OK
r-devel-windows-x86_64 1.2-1 20.00 164.00 184.00 OK
r-devel-windows-x86_64-gcc10-UCRT 1.2-1 ERROR
r-patched-linux-x86_64 1.2-1 18.62 130.26 148.88 OK
r-patched-solaris-x86 1.2-1 279.70 OK
r-release-linux-x86_64 1.2-1 17.89 128.73 146.62 OK
r-release-macos-arm64 1.2-1 OK
r-release-macos-x86_64 1.2-1 OK
r-release-windows-ix86+x86_64 1.2-1 42.00 153.00 195.00 OK
r-oldrel-macos-x86_64 1.2-1 OK
r-oldrel-windows-ix86+x86_64 1.2-1 39.00 120.00 159.00 OK

Check Details

Version: 1.2-1
Check: whether package can be installed
Result: WARN
    Found the following significant warnings:
     WARNING: installation-time patches will not be applied, could not get the patches index
Flavor: r-devel-windows-x86_64-gcc10-UCRT

Version: 1.2-1
Check: PDF version of manual
Result: WARN
    LaTeX errors when creating PDF version.
    This typically indicates Rd problems.
Flavor: r-devel-windows-x86_64-gcc10-UCRT

Version: 1.2-1
Check: PDF version of manual without hyperrefs or index
Result: ERROR
    Re-running with no redirection of stdout/stderr.
Flavor: r-devel-windows-x86_64-gcc10-UCRT