CRAN Package Check Results for Package RcmdrPlugin.sos

Last updated on 2021-09-19 13:49:30 CEST.

Flavor Version Tinstall Tcheck Ttotal Status Flags
r-devel-linux-x86_64-debian-clang 0.3-0 16.31 121.26 137.57 OK
r-devel-linux-x86_64-debian-gcc 0.3-0 13.14 92.64 105.78 OK
r-devel-linux-x86_64-fedora-clang 0.3-0 178.35 OK
r-devel-linux-x86_64-fedora-gcc 0.3-0 166.34 OK
r-devel-windows-x86_64 0.3-0 16.00 157.00 173.00 OK
r-devel-windows-x86_64-gcc10-UCRT 0.3-0 ERROR
r-patched-linux-x86_64 0.3-0 15.41 114.53 129.94 OK
r-patched-solaris-x86 0.3-0 261.30 OK
r-release-linux-x86_64 0.3-0 14.54 114.74 129.28 OK
r-release-macos-arm64 0.3-0 OK
r-release-macos-x86_64 0.3-0 OK
r-release-windows-ix86+x86_64 0.3-0 36.00 138.00 174.00 OK
r-oldrel-macos-x86_64 0.3-0 OK
r-oldrel-windows-ix86+x86_64 0.3-0 36.00 107.00 143.00 OK

Check Details

Version: 0.3-0
Check: whether package can be installed
Result: WARN
    Found the following significant warnings:
     WARNING: installation-time patches will not be applied, could not get the patches index
Flavor: r-devel-windows-x86_64-gcc10-UCRT

Version: 0.3-0
Check: PDF version of manual
Result: WARN
    LaTeX errors when creating PDF version.
    This typically indicates Rd problems.
Flavor: r-devel-windows-x86_64-gcc10-UCRT

Version: 0.3-0
Check: PDF version of manual without hyperrefs or index
Result: ERROR
    Re-running with no redirection of stdout/stderr.
Flavor: r-devel-windows-x86_64-gcc10-UCRT