CRAN Package Check Results for Package RcmdrPlugin.sampling

Last updated on 2021-09-19 13:49:30 CEST.

Flavor Version Tinstall Tcheck Ttotal Status Flags
r-devel-linux-x86_64-debian-clang 1.1 18.28 129.44 147.72 NOTE
r-devel-linux-x86_64-debian-gcc 1.1 15.34 96.76 112.10 NOTE
r-devel-linux-x86_64-fedora-clang 1.1 190.74 NOTE
r-devel-linux-x86_64-fedora-gcc 1.1 178.74 NOTE
r-devel-windows-x86_64 1.1 21.00 162.00 183.00 NOTE
r-devel-windows-x86_64-gcc10-UCRT 1.1 ERROR
r-patched-linux-x86_64 1.1 17.73 122.14 139.87 NOTE
r-patched-solaris-x86 1.1 274.90 NOTE
r-release-linux-x86_64 1.1 18.17 121.65 139.82 NOTE
r-release-macos-arm64 1.1 NOTE
r-release-macos-x86_64 1.1 NOTE
r-release-windows-ix86+x86_64 1.1 39.00 143.00 182.00 NOTE
r-oldrel-macos-x86_64 1.1 NOTE
r-oldrel-windows-ix86+x86_64 1.1 40.00 116.00 156.00 NOTE

Check Details

Version: 1.1
Check: R code for possible problems
Result: NOTE
    SampleSizes: no visible global function definition for 'xtabs'
    SampleSizes: no visible global function definition for 'weighted.mean'
    SampleSizes: no visible global function definition for 'reshape'
    stage1Sample.fn: no visible global function definition for 'runif'
    stage2Sample.fn: no visible global function definition for 'runif'
    strata.options : onOK: no visible global function definition for
     'packageDescription'
    Undefined global functions or variables:
     packageDescription reshape runif weighted.mean xtabs
    Consider adding
     importFrom("stats", "reshape", "runif", "weighted.mean", "xtabs")
     importFrom("utils", "packageDescription")
    to your NAMESPACE file.
Flavors: r-devel-linux-x86_64-debian-clang, r-devel-linux-x86_64-debian-gcc, r-devel-linux-x86_64-fedora-clang, r-devel-linux-x86_64-fedora-gcc, r-devel-windows-x86_64, r-devel-windows-x86_64-gcc10-UCRT, r-patched-linux-x86_64, r-patched-solaris-x86, r-release-linux-x86_64, r-release-macos-arm64, r-release-macos-x86_64, r-release-windows-ix86+x86_64, r-oldrel-macos-x86_64, r-oldrel-windows-ix86+x86_64

Version: 1.1
Check: whether package can be installed
Result: WARN
    Found the following significant warnings:
     WARNING: installation-time patches will not be applied, could not get the patches index
Flavor: r-devel-windows-x86_64-gcc10-UCRT

Version: 1.1
Check: PDF version of manual
Result: WARN
    LaTeX errors when creating PDF version.
    This typically indicates Rd problems.
Flavor: r-devel-windows-x86_64-gcc10-UCRT

Version: 1.1
Check: PDF version of manual without hyperrefs or index
Result: ERROR
    Re-running with no redirection of stdout/stderr.
Flavor: r-devel-windows-x86_64-gcc10-UCRT