CRAN Package Check Results for Package RcmdrPlugin.depthTools

Last updated on 2021-09-20 01:49:01 CEST.

Flavor Version Tinstall Tcheck Ttotal Status Flags
r-devel-linux-x86_64-debian-clang 1.4 15.91 129.27 145.18 OK
r-devel-linux-x86_64-debian-gcc 1.4 13.92 97.25 111.17 OK
r-devel-linux-x86_64-fedora-clang 1.4 186.22 OK
r-devel-linux-x86_64-fedora-gcc 1.4 175.56 OK
r-devel-windows-x86_64 1.4 19.00 118.00 137.00 OK
r-devel-windows-x86_64-gcc10-UCRT 1.4 ERROR
r-patched-linux-x86_64 1.4 15.16 123.32 138.48 OK
r-patched-solaris-x86 1.4 263.80 OK
r-release-linux-x86_64 1.4 17.00 121.99 138.99 OK
r-release-macos-arm64 1.4 OK
r-release-macos-x86_64 1.4 OK
r-release-windows-ix86+x86_64 1.4 39.00 153.00 192.00 OK
r-oldrel-macos-x86_64 1.4 OK
r-oldrel-windows-ix86+x86_64 1.4 40.00 110.00 150.00 OK

Check Details

Version: 1.4
Check: whether package can be installed
Result: WARN
    Found the following significant warnings:
     WARNING: installation-time patches will not be applied, could not get the patches index
Flavor: r-devel-windows-x86_64-gcc10-UCRT

Version: 1.4
Check: PDF version of manual
Result: WARN
    LaTeX errors when creating PDF version.
    This typically indicates Rd problems.
Flavor: r-devel-windows-x86_64-gcc10-UCRT

Version: 1.4
Check: PDF version of manual without hyperrefs or index
Result: ERROR
    Re-running with no redirection of stdout/stderr.
Flavor: r-devel-windows-x86_64-gcc10-UCRT