CRAN Package Check Results for Package RcmdrPlugin.coin

Last updated on 2024-02-23 12:51:54 CET.

Flavor Version Tinstall Tcheck Ttotal Status Flags
r-devel-linux-x86_64-debian-clang 1.0-23 NOTE
r-devel-linux-x86_64-debian-gcc 1.0-23 18.72 135.64 154.36 NOTE
r-devel-linux-x86_64-fedora-clang 1.0-23 237.10 NOTE
r-devel-linux-x86_64-fedora-gcc 1.0-23 252.38 NOTE
r-devel-windows-x86_64 1.0-23 20.00 130.00 150.00 NOTE
r-patched-linux-x86_64 1.0-23 16.02 162.41 178.43 OK
r-release-linux-x86_64 1.0-23 18.55 161.54 180.09 OK
r-release-macos-arm64 1.0-23 74.00 OK
r-release-macos-x86_64 1.0-23 121.00 OK
r-release-windows-x86_64 1.0-23 26.00 182.00 208.00 OK
r-oldrel-macos-arm64 1.0-23 86.00 OK
r-oldrel-windows-x86_64 1.0-23 25.00 168.00 193.00 OK

Check Details

Version: 1.0-23
Check: Rd metadata
Result: NOTE Invalid package aliases in Rd file 'RcmdrPlugin.coin-package.Rd': ‘RcmdrcoinPlugin-package’ Flavors: r-devel-linux-x86_64-debian-clang, r-devel-linux-x86_64-debian-gcc, r-devel-linux-x86_64-fedora-clang, r-devel-linux-x86_64-fedora-gcc, r-devel-windows-x86_64