CRAN Package Check Results for Package RcmdrPlugin.aRnova

Last updated on 2021-09-20 01:49:01 CEST.

Flavor Version Tinstall Tcheck Ttotal Status Flags
r-devel-linux-x86_64-debian-clang 0.0.5 20.59 128.60 149.19 OK
r-devel-linux-x86_64-debian-gcc 0.0.5 15.25 97.15 112.40 OK
r-devel-linux-x86_64-fedora-clang 0.0.5 190.10 NOTE
r-devel-linux-x86_64-fedora-gcc 0.0.5 178.76 OK
r-devel-windows-x86_64 0.0.5 19.00 111.00 130.00 OK
r-devel-windows-x86_64-gcc10-UCRT 0.0.5 ERROR
r-patched-linux-x86_64 0.0.5 17.33 121.04 138.37 OK
r-patched-solaris-x86 0.0.5 286.70 OK
r-release-linux-x86_64 0.0.5 17.56 121.88 139.44 OK
r-release-macos-arm64 0.0.5 OK
r-release-macos-x86_64 0.0.5 OK
r-release-windows-ix86+x86_64 0.0.5 40.00 146.00 186.00 OK
r-oldrel-macos-x86_64 0.0.5 OK
r-oldrel-windows-ix86+x86_64 0.0.5 38.00 161.00 199.00 OK

Check Details

Version: 0.0.5
Check: Rd cross-references
Result: NOTE
    Undeclared package ‘car’ in Rd xrefs
Flavor: r-devel-linux-x86_64-fedora-clang

Version: 0.0.5
Check: whether package can be installed
Result: WARN
    Found the following significant warnings:
     WARNING: installation-time patches will not be applied, could not get the patches index
Flavor: r-devel-windows-x86_64-gcc10-UCRT

Version: 0.0.5
Check: PDF version of manual
Result: WARN
    LaTeX errors when creating PDF version.
    This typically indicates Rd problems.
Flavor: r-devel-windows-x86_64-gcc10-UCRT

Version: 0.0.5
Check: PDF version of manual without hyperrefs or index
Result: ERROR
    Re-running with no redirection of stdout/stderr.
Flavor: r-devel-windows-x86_64-gcc10-UCRT