CRAN Package Check Results for Package RcmdrPlugin.WorldFlora

Last updated on 2021-09-19 13:49:30 CEST.

Flavor Version Tinstall Tcheck Ttotal Status Flags
r-devel-linux-x86_64-debian-clang 1.1 16.47 124.75 141.22 OK
r-devel-linux-x86_64-debian-gcc 1.1 13.73 94.23 107.96 OK
r-devel-linux-x86_64-fedora-clang 1.1 185.06 OK
r-devel-linux-x86_64-fedora-gcc 1.1 170.97 OK
r-devel-windows-x86_64 1.1 20.00 157.00 177.00 OK
r-devel-windows-x86_64-gcc10-UCRT 1.1 ERROR
r-patched-linux-x86_64 1.1 15.43 117.15 132.58 OK
r-patched-solaris-x86 1.1 281.00 OK
r-release-linux-x86_64 1.1 15.93 116.91 132.84 OK
r-release-macos-arm64 1.1 OK
r-release-macos-x86_64 1.1 OK
r-release-windows-ix86+x86_64 1.1 38.00 140.00 178.00 OK
r-oldrel-macos-x86_64 1.1 OK
r-oldrel-windows-ix86+x86_64 1.1 38.00 108.00 146.00 OK

Check Details

Version: 1.1
Check: whether package can be installed
Result: WARN
    Found the following significant warnings:
     WARNING: installation-time patches will not be applied, could not get the patches index
Flavor: r-devel-windows-x86_64-gcc10-UCRT

Version: 1.1
Check: PDF version of manual
Result: WARN
    LaTeX errors when creating PDF version.
    This typically indicates Rd problems.
Flavor: r-devel-windows-x86_64-gcc10-UCRT

Version: 1.1
Check: PDF version of manual without hyperrefs or index
Result: ERROR
    Re-running with no redirection of stdout/stderr.
Flavor: r-devel-windows-x86_64-gcc10-UCRT