CRAN Package Check Results for Package RcmdrPlugin.TeachStat

Last updated on 2021-09-18 13:53:48 CEST.

Flavor Version Tinstall Tcheck Ttotal Status Flags
r-devel-linux-x86_64-debian-clang 1.1.0 32.89 184.70 217.59 OK
r-devel-linux-x86_64-debian-gcc 1.1.0 25.24 137.15 162.39 OK
r-devel-linux-x86_64-fedora-clang 1.1.0 294.13 NOTE
r-devel-linux-x86_64-fedora-gcc 1.1.0 279.20 OK
r-devel-windows-x86_64 1.1.0 30.00 213.00 243.00 OK
r-devel-windows-x86_64-gcc10-UCRT 1.1.0 OK
r-patched-linux-x86_64 1.1.0 38.39 175.39 213.78 OK
r-patched-solaris-x86 1.1.0 373.10 OK
r-release-linux-x86_64 1.1.0 29.53 175.56 205.09 OK
r-release-macos-arm64 1.1.0 OK
r-release-macos-x86_64 1.1.0 OK
r-release-windows-ix86+x86_64 1.1.0 55.00 189.00 244.00 OK
r-oldrel-macos-x86_64 1.1.0 OK
r-oldrel-windows-ix86+x86_64 1.1.0 53.00 136.00 189.00 OK

Check Details

Version: 1.1.0
Check: Rd cross-references
Result: NOTE
    Undeclared packages ‘e1071’, ‘RcmdrMisc’ in Rd xrefs
Flavor: r-devel-linux-x86_64-fedora-clang