CRAN Package Check Results for Package RcmdrPlugin.SCDA

Last updated on 2021-09-19 13:49:30 CEST.

Flavor Version Tinstall Tcheck Ttotal Status Flags
r-devel-linux-x86_64-debian-clang 1.2.0 19.77 136.89 156.66 OK
r-devel-linux-x86_64-debian-gcc 1.2.0 17.27 104.13 121.40 OK
r-devel-linux-x86_64-fedora-clang 1.2.0 201.82 OK
r-devel-linux-x86_64-fedora-gcc 1.2.0 187.92 OK
r-devel-windows-x86_64 1.2.0 20.00 170.00 190.00 OK
r-devel-windows-x86_64-gcc10-UCRT 1.2.0 ERROR
r-patched-linux-x86_64 1.2.0 18.92 129.20 148.12 OK
r-patched-solaris-x86 1.2.0 301.60 OK
r-release-linux-x86_64 1.2.0 18.63 128.99 147.62 OK
r-release-macos-arm64 1.2.0 OK
r-release-macos-x86_64 1.2.0 OK
r-release-windows-ix86+x86_64 1.2.0 43.00 154.00 197.00 OK
r-oldrel-macos-x86_64 1.2.0 OK
r-oldrel-windows-ix86+x86_64 1.2.0 42.00 118.00 160.00 OK

Check Details

Version: 1.2.0
Check: whether package can be installed
Result: WARN
    Found the following significant warnings:
     WARNING: installation-time patches will not be applied, could not get the patches index
Flavor: r-devel-windows-x86_64-gcc10-UCRT

Version: 1.2.0
Check: PDF version of manual
Result: WARN
    LaTeX errors when creating PDF version.
    This typically indicates Rd problems.
Flavor: r-devel-windows-x86_64-gcc10-UCRT

Version: 1.2.0
Check: PDF version of manual without hyperrefs or index
Result: ERROR
    Re-running with no redirection of stdout/stderr.
Flavor: r-devel-windows-x86_64-gcc10-UCRT