CRAN Package Check Results for Package RcmdrPlugin.ROC

Last updated on 2021-09-19 13:49:30 CEST.

Flavor Version Tinstall Tcheck Ttotal Status Flags
r-devel-linux-x86_64-debian-clang 1.0-18 20.74 143.85 164.59 NOTE
r-devel-linux-x86_64-debian-gcc 1.0-18 16.88 108.08 124.96 NOTE
r-devel-linux-x86_64-fedora-clang 1.0-18 209.59 NOTE
r-devel-linux-x86_64-fedora-gcc 1.0-18 200.23 NOTE
r-devel-windows-x86_64 1.0-18 22.00 182.00 204.00 NOTE
r-devel-windows-x86_64-gcc10-UCRT 1.0-18 ERROR
r-patched-linux-x86_64 1.0-18 21.10 135.96 157.06 NOTE
r-patched-solaris-x86 1.0-18 301.30 NOTE
r-release-linux-x86_64 1.0-18 19.79 136.87 156.66 NOTE
r-release-macos-arm64 1.0-18 NOTE
r-release-macos-x86_64 1.0-18 NOTE
r-release-windows-ix86+x86_64 1.0-18 45.00 164.00 209.00 NOTE
r-oldrel-macos-x86_64 1.0-18 NOTE
r-oldrel-windows-ix86+x86_64 1.0-18 45.00 126.00 171.00 NOTE

Check Details

Version: 1.0-18
Check: R code for possible problems
Result: NOTE
    fncLRpROC: no visible global function definition for 'palette'
    fncLRpROC : onOK : convert: no visible global function definition for
     'col2rgb'
    fncLRpROC : onOK : convert: no visible global function definition for
     'rgb'
    fncPairedpROC: no visible global function definition for 'palette'
    fncPairedpROC : onOK : convert: no visible global function definition
     for 'col2rgb'
    fncPairedpROC : onOK : convert: no visible global function definition
     for 'rgb'
    fncUnpairedpROC: no visible global function definition for 'palette'
    fncUnpairedpROC : onOK : convert: no visible global function definition
     for 'col2rgb'
    fncUnpairedpROC : onOK : convert: no visible global function definition
     for 'rgb'
    fncvpROC: no visible global function definition for 'palette'
    fncvpROC : onOK : convert: no visible global function definition for
     'col2rgb'
    fncvpROC : onOK : convert: no visible global function definition for
     'rgb'
    Undefined global functions or variables:
     col2rgb palette rgb
    Consider adding
     importFrom("grDevices", "col2rgb", "palette", "rgb")
    to your NAMESPACE file.
Flavors: r-devel-linux-x86_64-debian-clang, r-devel-linux-x86_64-debian-gcc, r-devel-linux-x86_64-fedora-clang, r-devel-linux-x86_64-fedora-gcc, r-devel-windows-x86_64, r-devel-windows-x86_64-gcc10-UCRT, r-patched-linux-x86_64, r-patched-solaris-x86, r-release-linux-x86_64, r-release-macos-arm64, r-release-macos-x86_64, r-release-windows-ix86+x86_64, r-oldrel-macos-x86_64, r-oldrel-windows-ix86+x86_64

Version: 1.0-18
Check: whether package can be installed
Result: WARN
    Found the following significant warnings:
     WARNING: installation-time patches will not be applied, could not get the patches index
Flavor: r-devel-windows-x86_64-gcc10-UCRT

Version: 1.0-18
Check: PDF version of manual
Result: WARN
    LaTeX errors when creating PDF version.
    This typically indicates Rd problems.
Flavor: r-devel-windows-x86_64-gcc10-UCRT

Version: 1.0-18
Check: PDF version of manual without hyperrefs or index
Result: ERROR
    Re-running with no redirection of stdout/stderr.
Flavor: r-devel-windows-x86_64-gcc10-UCRT