CRAN Package Check Results for Package RcmdrPlugin.KMggplot2

Last updated on 2021-09-20 19:53:04 CEST.

Flavor Version Tinstall Tcheck Ttotal Status Flags
r-devel-linux-x86_64-debian-clang 0.2-6 24.97 180.27 205.24 OK
r-devel-linux-x86_64-debian-gcc 0.2-6 19.63 135.46 155.09 OK
r-devel-linux-x86_64-fedora-clang 0.2-6 257.15 OK
r-devel-linux-x86_64-fedora-gcc 0.2-6 249.02 OK
r-devel-windows-x86_64 0.2-6 23.00 149.00 172.00 OK
r-devel-windows-x86_64-gcc10-UCRT 0.2-6 ERROR
r-patched-linux-x86_64 0.2-6 35.80 171.81 207.61 OK
r-patched-solaris-x86 0.2-6 375.30 OK
r-release-linux-x86_64 0.2-6 22.89 171.98 194.87 OK
r-release-macos-arm64 0.2-6 OK
r-release-macos-x86_64 0.2-6 OK
r-release-windows-ix86+x86_64 0.2-6 52.00 204.00 256.00 OK
r-oldrel-macos-x86_64 0.2-6 OK
r-oldrel-windows-ix86+x86_64 0.2-6 52.00 218.00 270.00 OK

Check Details

Version: 0.2-6
Check: whether package can be installed
Result: WARN
    Found the following significant warnings:
     WARNING: installation-time patches will not be applied, could not get the patches index
Flavor: r-devel-windows-x86_64-gcc10-UCRT

Version: 0.2-6
Check: PDF version of manual
Result: WARN
    LaTeX errors when creating PDF version.
    This typically indicates Rd problems.
Flavor: r-devel-windows-x86_64-gcc10-UCRT

Version: 0.2-6
Check: PDF version of manual without hyperrefs or index
Result: ERROR
    Re-running with no redirection of stdout/stderr.
Flavor: r-devel-windows-x86_64-gcc10-UCRT