CRAN Package Check Results for Package RcmdrPlugin.HH

Last updated on 2021-09-19 13:49:30 CEST.

Flavor Version Tinstall Tcheck Ttotal Status Flags
r-devel-linux-x86_64-debian-clang 1.1-47 25.44 164.25 189.69 OK
r-devel-linux-x86_64-debian-gcc 1.1-47 19.05 123.31 142.36 OK
r-devel-linux-x86_64-fedora-clang 1.1-47 239.70 NOTE
r-devel-linux-x86_64-fedora-gcc 1.1-47 227.31 OK
r-devel-windows-x86_64 1.1-47 25.00 206.00 231.00 OK
r-devel-windows-x86_64-gcc10-UCRT 1.1-47 ERROR
r-patched-linux-x86_64 1.1-47 23.09 155.50 178.59 OK
r-patched-solaris-x86 1.1-47 344.70 OK
r-release-linux-x86_64 1.1-47 22.23 156.30 178.53 OK
r-release-macos-arm64 1.1-47 OK
r-release-macos-x86_64 1.1-47 OK
r-release-windows-ix86+x86_64 1.1-47 52.00 186.00 238.00 OK
r-oldrel-macos-x86_64 1.1-47 OK
r-oldrel-windows-ix86+x86_64 1.1-47 50.00 129.00 179.00 OK

Check Details

Version: 1.1-47
Check: Rd cross-references
Result: NOTE
    Undeclared packages ‘car’, ‘leaps’, ‘latticeExtra’, ‘rgl’ in Rd xrefs
Flavor: r-devel-linux-x86_64-fedora-clang

Version: 1.1-47
Check: whether package can be installed
Result: WARN
    Found the following significant warnings:
     WARNING: installation-time patches will not be applied, could not get the patches index
Flavor: r-devel-windows-x86_64-gcc10-UCRT

Version: 1.1-47
Check: PDF version of manual
Result: WARN
    LaTeX errors when creating PDF version.
    This typically indicates Rd problems.
Flavor: r-devel-windows-x86_64-gcc10-UCRT

Version: 1.1-47
Check: PDF version of manual without hyperrefs or index
Result: ERROR
    Re-running with no redirection of stdout/stderr.
Flavor: r-devel-windows-x86_64-gcc10-UCRT